{"id":9768,"date":"2021-07-21T00:23:32","date_gmt":"2021-07-21T03:23:32","guid":{"rendered":"https:\/\/gracelandjuegos.com.ar\/web\/?post_type=product&#038;p=9768"},"modified":"2026-02-17T20:39:19","modified_gmt":"2026-02-17T23:39:19","slug":"silk","status":"publish","type":"product","link":"https:\/\/gracelandjuegos.com.ar\/web\/product\/silk\/","title":{"rendered":"Silk"},"content":{"rendered":"<p id=\"tw-target-text\" class=\"tw-data-text tw-text-large XcVN5d tw-ta\" dir=\"ltr\" data-placeholder=\"Traducci\u00f3n\"><span class=\"Y2IQFc\" lang=\"es\">Los gusanos de seda Imomushi solo pueden vivir en los picos fr\u00edos de las monta\u00f1as Akaishi y producen la seda m\u00e1s delicada y cara del mundo. <\/span><\/p>\n<p class=\"tw-data-text tw-text-large XcVN5d tw-ta\" dir=\"ltr\" data-placeholder=\"Traducci\u00f3n\"><span class=\"Y2IQFc\" lang=\"es\">Muy pocas personas pueden soportar las penurias de la vida solitaria que lleva un pastor de gusanos de seda gigantes. Es una existencia solitaria que requiere una gran dedicaci\u00f3n y fuerza de car\u00e1cter para soportar las presiones que se derivan de competir con los pocos pastores que luchan por los escasos pero deseables terrenos de alimentaci\u00f3n, mientras mantienen a raya al temible ookamy. <\/span><\/p>\n<p class=\"tw-data-text tw-text-large XcVN5d tw-ta\" dir=\"ltr\" data-placeholder=\"Traducci\u00f3n\"><span class=\"Y2IQFc\" lang=\"es\">Silk es un juego de entrada a los sistemas de control de \u00e1rea y colocaci\u00f3n de trabajadores. Los jugadores deben mover sus gusanos de seda a los espacios \u00f3ptimos para que puedan alimentarse de la mejor hierba disponible, mientras empujan las piezas de los otros jugadores a lugares de alimentaci\u00f3n menos deseables. <\/span><\/p>\n<p class=\"tw-data-text tw-text-large XcVN5d tw-ta\" dir=\"ltr\" data-placeholder=\"Traducci\u00f3n\"><span class=\"Y2IQFc\" lang=\"es\">En este juego, los jugadores tiran los dados para determinar qu\u00e9 acciones pueden realizar durante su turno. Hay seis tipos de acciones disponibles: criar m\u00e1s gusanos de seda, mover al pastor o su mast\u00edn, construir cercas o granjas, mover al monstruo ookami por el tablero y, lo m\u00e1s importante, hacer que los gusanos de seda se alimenten. <\/span><\/p>\n<p class=\"tw-data-text tw-text-large XcVN5d tw-ta\" dir=\"ltr\" data-placeholder=\"Traducci\u00f3n\"><span class=\"Y2IQFc\" lang=\"es\">Cuando los gusanos de seda se alimentan, generan una serie de puntos de seda, dependiendo del tipo de terreno en el que se encuentren en ese momento. Estos puntos se pueden usar para modificar el resultado de una tirada de dados, \u00a1todo mientras se tiene en cuenta que el jugador con m\u00e1s puntos de seda al final del juego gana!<\/span><\/p>\n","protected":false},"excerpt":{"rendered":"<p>G\u00e9nero: Estrategia.<br \/>\nCategor\u00edas: Control de \u00c1rea, Dados, Colocaci\u00f3n de Trabajadores.<br \/>\nDise\u00f1ado Por: Luis Ranedo<br \/>\nEditorial: Devir<br \/>\nEdad M\u00ednima Recomendada: 10 A\u00f1os<br \/>\nDificultad: 2,67\/5<br \/>\nN\u00ba de Jugadores: 2 a 4<br \/>\nDuraci\u00f3n Promedio de la Partida: 45 Minutos<br \/>\nIdioma: Espa\u00f1ol<\/p>\n","protected":false},"featured_media":9730,"comment_status":"closed","ping_status":"closed","template":"","meta":[],"product_brand":[],"product_cat":[339,243],"product_tag":[],"class_list":{"0":"post-9768","1":"product","2":"type-product","3":"status-publish","4":"has-post-thumbnail","6":"product_cat-devir","7":"product_cat-juegos-de-mesa","9":"first","10":"instock","11":"shipping-taxable","12":"purchasable","13":"product-type-simple"},"_links":{"self":[{"href":"https:\/\/gracelandjuegos.com.ar\/web\/wp-json\/wp\/v2\/product\/9768","targetHints":{"allow":["GET"]}}],"collection":[{"href":"https:\/\/gracelandjuegos.com.ar\/web\/wp-json\/wp\/v2\/product"}],"about":[{"href":"https:\/\/gracelandjuegos.com.ar\/web\/wp-json\/wp\/v2\/types\/product"}],"replies":[{"embeddable":true,"href":"https:\/\/gracelandjuegos.com.ar\/web\/wp-json\/wp\/v2\/comments?post=9768"}],"wp:featuredmedia":[{"embeddable":true,"href":"https:\/\/gracelandjuegos.com.ar\/web\/wp-json\/wp\/v2\/media\/9730"}],"wp:attachment":[{"href":"https:\/\/gracelandjuegos.com.ar\/web\/wp-json\/wp\/v2\/media?parent=9768"}],"wp:term":[{"taxonomy":"product_brand","embeddable":true,"href":"https:\/\/gracelandjuegos.com.ar\/web\/wp-json\/wp\/v2\/product_brand?post=9768"},{"taxonomy":"product_cat","embeddable":true,"href":"https:\/\/gracelandjuegos.com.ar\/web\/wp-json\/wp\/v2\/product_cat?post=9768"},{"taxonomy":"product_tag","embeddable":true,"href":"https:\/\/gracelandjuegos.com.ar\/web\/wp-json\/wp\/v2\/product_tag?post=9768"}],"curies":[{"name":"wp","href":"https:\/\/api.w.org\/{rel}","templated":true}]}}