{"id":9658,"date":"2021-06-25T09:58:59","date_gmt":"2021-06-25T12:58:59","guid":{"rendered":"https:\/\/gracelandjuegos.com.ar\/web\/?post_type=product&#038;p=9658"},"modified":"2024-09-18T09:14:26","modified_gmt":"2024-09-18T12:14:26","slug":"ajedrez-profesional-staunton","status":"publish","type":"product","link":"https:\/\/gracelandjuegos.com.ar\/web\/product\/ajedrez-profesional-staunton\/","title":{"rendered":"Ajedrez Profesional Staunton"},"content":{"rendered":"<p id=\"tw-target-text\" class=\"tw-data-text tw-text-large XcVN5d tw-ta\" dir=\"ltr\" data-placeholder=\"Traducci\u00f3n\"><span class=\"Y2IQFc\" lang=\"es\">El ajedrez es un juego de mesa de estrategia abstracta para dos jugadores que representa la guerra medieval en un tablero de 8&#215;8 con cuadrados claros y oscuros que se alternan. Las piezas opuestas, tradicionalmente designadas por los colores blanco y negro, se alinean inicialmente a cada lado. Cada tipo de pieza tiene una forma \u00fanica de movimiento y la captura se produce cuando una pieza, a trav\u00e9s de su movimiento, ocupa el cuadrado de otra opuesta. <\/span><span class=\"Y2IQFc\" lang=\"es\">Los jugadores se turnan para mover una de sus piezas en un intento de capturar, atacar, defender o desarrollar sus posiciones. <\/span><\/p>\n<p class=\"tw-data-text tw-text-large XcVN5d tw-ta\" dir=\"ltr\" data-placeholder=\"Traducci\u00f3n\"><span class=\"Y2IQFc\" lang=\"es\">Las partidas de ajedrez pueden terminar en jaque mate, resignaci\u00f3n o en uno de varios tipos de tablas. <\/span><\/p>\n<p class=\"tw-data-text tw-text-large XcVN5d tw-ta\" dir=\"ltr\" data-placeholder=\"Traducci\u00f3n\"><span class=\"Y2IQFc\" lang=\"es\">El ajedrez es uno de los juegos m\u00e1s populares del mundo, jugado por millones de personas en todo el mundo en casa, en clubes, en l\u00ednea, por correspondencia y en torneos. Entre dos jugadores altamente capacitados el ajedrez puede ser algo hermoso de ver, a la vez que puede proporcionar un gran entretenimiento para los principiantes.\u00a0<\/span><\/p>\n<p class=\"tw-data-text tw-text-large XcVN5d tw-ta\" dir=\"ltr\" data-placeholder=\"Traducci\u00f3n\"><span class=\"Y2IQFc\" lang=\"es\">El juego tiene sus or\u00edgenes en el juego indio Chaturanga, y se convirti\u00f3 en Shatranj cuando se present\u00f3 a los persas. La forma actual del juego surgi\u00f3 en la segunda mitad del siglo XV cuando los persas llevaron a Shatranj al sur de Europa. La tradici\u00f3n del ajedrez competitivo organizado comenz\u00f3 en el siglo XVI. El primer Campe\u00f3n Mundial de Ajedrez oficial, Wilhelm Steinitz, reclam\u00f3 su t\u00edtulo en 1886. El ajedrez tambi\u00e9n es un deporte reconocido por el Comit\u00e9 Ol\u00edmpico Internacional.<\/span><\/p>\n<p class=\"tw-data-text tw-text-large XcVN5d tw-ta\" dir=\"ltr\" data-placeholder=\"Traducci\u00f3n\">Las piezas Staunton corresponden a la normalizaci\u00f3n de las piezas de ajedrez. Son el tipo de piezas que se utilizan en las competiciones oficiales y en los clubes de ajedrez. Su uso est\u00e1 muy normalizado, por lo que si quer\u00e9s unas piezas para jugar a diario, unas Staunton son tu mejor opci\u00f3n.<\/p>\n<p>Tienen un dise\u00f1o limpio y simple que nunca ha sido igualado, vi\u00e9ndose tan moderno hoy como lo era en su introducci\u00f3n hace m\u00e1s de 150 a\u00f1os. Las piezas Staunton se caracterizan por ser simples yelegantes. Son muy c\u00f3modas de usar ya que tienen el peso y tama\u00f1o perfecto. Esto hace que la armon\u00eda del juego y la visi\u00f3n del mismo sea la adecuada.<\/p>\n<p class=\"tw-data-text tw-text-large XcVN5d tw-ta\" dir=\"ltr\" data-placeholder=\"Traducci\u00f3n\"><span class=\"Y2IQFc\" lang=\"es\">\u00a0<\/span><\/p>\n","protected":false},"excerpt":{"rendered":"<p>G\u00e9nero: Estrategia Abstracta.<br \/>\nCategor\u00edas: Estrategia, Movimiento en Grilla, Captura Est\u00e1tica.<br \/>\nDise\u00f1ado Por: N\/A<br \/>\nEditorial: Plastigal<br \/>\nEdad M\u00ednima Recomendada: 4 A\u00f1os<br \/>\nDificultad: 3,69\/5<br \/>\nN\u00ba de Jugadores: 2 (1 Jugador en Solitario Puede Practicar Ejercicios)<br \/>\nDuraci\u00f3n Promedio de la Partida: 60 Minutos<br \/>\nIdioma: Espa\u00f1ol<\/p>\n","protected":false},"featured_media":9525,"comment_status":"closed","ping_status":"closed","template":"","meta":[],"product_brand":[],"product_cat":[330,243,346,329],"product_tag":[],"class_list":{"0":"post-9658","1":"product","2":"type-product","3":"status-publish","4":"has-post-thumbnail","6":"product_cat-clasicos","7":"product_cat-juegos-de-mesa","8":"product_cat-plastigal","9":"product_cat-recomendados","11":"first","12":"instock","13":"shipping-taxable","14":"purchasable","15":"product-type-simple"},"_links":{"self":[{"href":"https:\/\/gracelandjuegos.com.ar\/web\/wp-json\/wp\/v2\/product\/9658","targetHints":{"allow":["GET"]}}],"collection":[{"href":"https:\/\/gracelandjuegos.com.ar\/web\/wp-json\/wp\/v2\/product"}],"about":[{"href":"https:\/\/gracelandjuegos.com.ar\/web\/wp-json\/wp\/v2\/types\/product"}],"replies":[{"embeddable":true,"href":"https:\/\/gracelandjuegos.com.ar\/web\/wp-json\/wp\/v2\/comments?post=9658"}],"wp:featuredmedia":[{"embeddable":true,"href":"https:\/\/gracelandjuegos.com.ar\/web\/wp-json\/wp\/v2\/media\/9525"}],"wp:attachment":[{"href":"https:\/\/gracelandjuegos.com.ar\/web\/wp-json\/wp\/v2\/media?parent=9658"}],"wp:term":[{"taxonomy":"product_brand","embeddable":true,"href":"https:\/\/gracelandjuegos.com.ar\/web\/wp-json\/wp\/v2\/product_brand?post=9658"},{"taxonomy":"product_cat","embeddable":true,"href":"https:\/\/gracelandjuegos.com.ar\/web\/wp-json\/wp\/v2\/product_cat?post=9658"},{"taxonomy":"product_tag","embeddable":true,"href":"https:\/\/gracelandjuegos.com.ar\/web\/wp-json\/wp\/v2\/product_tag?post=9658"}],"curies":[{"name":"wp","href":"https:\/\/api.w.org\/{rel}","templated":true}]}}