{"id":9648,"date":"2021-06-25T09:31:44","date_gmt":"2021-06-25T12:31:44","guid":{"rendered":"https:\/\/gracelandjuegos.com.ar\/web\/?post_type=product&#038;p=9648"},"modified":"2024-04-12T12:57:47","modified_gmt":"2024-04-12T15:57:47","slug":"carrera-de-mente-cartas","status":"publish","type":"product","link":"https:\/\/gracelandjuegos.com.ar\/web\/product\/carrera-de-mente-cartas\/","title":{"rendered":"Carrera de Mente Cartas"},"content":{"rendered":"<p>Todos conocemos\u00a0Carrera de Mente, el juego de preguntas y respuestas m\u00e1s vendido de nuestro pa\u00eds.\u00a0Lo juegan los chicos en hora libre, los adultos en reuniones y la familia en el asado del domingo.<\/p>\n<p>El juego surge en 1985 como un trabajo de edici\u00f3n conjunta de Ruibal y Ediciones De Mente.<\/p>\n<p>Esta nueva edici\u00f3n viene en un formato de cartas, para jugar en el auto, en la oficina, en la playa, en el subte o en el tren. Desafi\u00e1 tus conocimientos y los de todos tus amigos respondiendo grandes preguntas en el juego m\u00e1s peque\u00f1o que pudiste imaginar.<\/p>\n","protected":false},"excerpt":{"rendered":"<p>G\u00e9nero: Familiar, Party.<br \/>\nCategor\u00edas: Trivia, Cartas, Preguntas y Respuestas, Party.<br \/>\nDise\u00f1ado Por: <span class=\"ng-scope\">Jaime Poniachik,\u00a0<\/span><span class=\"ng-scope\">Daniel Samoilovich<\/span><br \/>\nEditorial: Ruibal<br \/>\nEdad M\u00ednima Recomendada: 10 A\u00f1os<br \/>\nDificultad: 1,00\/5<br \/>\nN\u00ba de Jugadores: 2 a 6<br \/>\nDuraci\u00f3n Promedio de la Partida: 60 Minutos<br \/>\nIdioma: Espa\u00f1ol<\/p>\n","protected":false},"featured_media":9535,"comment_status":"closed","ping_status":"closed","template":"","meta":[],"product_brand":[],"product_cat":[243,349],"product_tag":[],"class_list":{"0":"post-9648","1":"product","2":"type-product","3":"status-publish","4":"has-post-thumbnail","6":"product_cat-juegos-de-mesa","7":"product_cat-ruibal","9":"first","10":"outofstock","11":"shipping-taxable","12":"purchasable","13":"product-type-simple"},"_links":{"self":[{"href":"https:\/\/gracelandjuegos.com.ar\/web\/wp-json\/wp\/v2\/product\/9648","targetHints":{"allow":["GET"]}}],"collection":[{"href":"https:\/\/gracelandjuegos.com.ar\/web\/wp-json\/wp\/v2\/product"}],"about":[{"href":"https:\/\/gracelandjuegos.com.ar\/web\/wp-json\/wp\/v2\/types\/product"}],"replies":[{"embeddable":true,"href":"https:\/\/gracelandjuegos.com.ar\/web\/wp-json\/wp\/v2\/comments?post=9648"}],"wp:featuredmedia":[{"embeddable":true,"href":"https:\/\/gracelandjuegos.com.ar\/web\/wp-json\/wp\/v2\/media\/9535"}],"wp:attachment":[{"href":"https:\/\/gracelandjuegos.com.ar\/web\/wp-json\/wp\/v2\/media?parent=9648"}],"wp:term":[{"taxonomy":"product_brand","embeddable":true,"href":"https:\/\/gracelandjuegos.com.ar\/web\/wp-json\/wp\/v2\/product_brand?post=9648"},{"taxonomy":"product_cat","embeddable":true,"href":"https:\/\/gracelandjuegos.com.ar\/web\/wp-json\/wp\/v2\/product_cat?post=9648"},{"taxonomy":"product_tag","embeddable":true,"href":"https:\/\/gracelandjuegos.com.ar\/web\/wp-json\/wp\/v2\/product_tag?post=9648"}],"curies":[{"name":"wp","href":"https:\/\/api.w.org\/{rel}","templated":true}]}}