{"id":9632,"date":"2021-06-24T18:53:55","date_gmt":"2021-06-24T21:53:55","guid":{"rendered":"https:\/\/gracelandjuegos.com.ar\/web\/?post_type=product&#038;p=9632"},"modified":"2025-09-10T15:33:17","modified_gmt":"2025-09-10T18:33:17","slug":"escapa-el-destino-de-londres","status":"publish","type":"product","link":"https:\/\/gracelandjuegos.com.ar\/web\/product\/escapa-el-destino-de-londres\/","title":{"rendered":"Escapa La Prueba Final"},"content":{"rendered":"<p id=\"tw-target-text\" class=\"tw-data-text tw-text-large XcVN5d tw-ta\" dir=\"ltr\" data-placeholder=\"Traducci\u00f3n\"><span class=\"Y2IQFc\" lang=\"es\">Escapa: La Prueba Final es el primer t\u00edtulo de una serie de juegos cooperativos inspirados en salas de escape reales, en las que un grupo de personas quedan &#8220;atrapadas&#8221; dentro de una habitaci\u00f3n llena de acertijos y objetos extra\u00f1os. <\/span><\/p>\n<p class=\"tw-data-text tw-text-large XcVN5d tw-ta\" dir=\"ltr\" data-placeholder=\"Traducci\u00f3n\"><span class=\"Y2IQFc\" lang=\"es\">El objetivo del juego es resolver acertijos, comprender la trama de la historia y hacer un uso inteligente de los elementos proporcionados para salir de la habitaci\u00f3n lo m\u00e1s r\u00e1pido posible. <\/span><\/p>\n<p class=\"tw-data-text tw-text-large XcVN5d tw-ta\" dir=\"ltr\" data-placeholder=\"Traducci\u00f3n\"><span class=\"Y2IQFc\" lang=\"es\">En este t\u00edtulo, fuiste elegido entre los estudiantes m\u00e1s brillantes del Doctor Thyme para un proyecto especial. \u00c9l va a poner a prueba tus habilidades y, si ten\u00e9s \u00e9xito, vas a tener la oportunidad \u00fanica de ayudarlo con su m\u00e1s nuevo y mejor invento. Mientras explica su proyecto, presiona distra\u00eddamente un bot\u00f3n: una alarma suena fuerte y unas rejas pesadas cierran todas las ventanas y la puerta de salida. \u00a1El laboratorio est\u00e1 cerrado!. Doc Thyme cae por una trampilla debajo de sus pies y las luces se apagan. <\/span><\/p>\n<p class=\"tw-data-text tw-text-large XcVN5d tw-ta\" dir=\"ltr\" data-placeholder=\"Traducci\u00f3n\"><span class=\"Y2IQFc\" lang=\"es\">\u00bfPodr\u00e1s aprobar el examen del doctor Thyme y salir de su laboratorio? Con tan solo sesenta cartas, vas a participar en una trepidante aventura sin salir de casa.<\/span><\/p>\n","protected":false},"excerpt":{"rendered":"<p>G\u00e9nero: Tem\u00e1tico, Familiar.<br \/>\nCategor\u00edas: Sala de Escape, Aventuras, Cartas, Rompecabezas, Tiempo Real.<br \/>\nDise\u00f1ado Por:\u00a0<span class=\"ng-scope\">Martino Chiacchiera,\u00a0<\/span><span class=\"ng-scope\">Silvano Sorrentino<\/span><br \/>\nEditorial: Top Toys<br \/>\nEdad M\u00ednima Recomendada: 12 A\u00f1os<br \/>\nDificultad: 2,08\/5<br \/>\nN\u00ba de Jugadores: 1 a 6<br \/>\nDuraci\u00f3n Promedio de la Partida: 60 Minutos<br \/>\nIdioma: Espa\u00f1ol<\/p>\n","protected":false},"featured_media":9551,"comment_status":"closed","ping_status":"closed","template":"","meta":[],"product_brand":[],"product_cat":[243,351],"product_tag":[],"class_list":{"0":"post-9632","1":"product","2":"type-product","3":"status-publish","4":"has-post-thumbnail","6":"product_cat-juegos-de-mesa","7":"product_cat-top-toys","9":"first","10":"instock","11":"shipping-taxable","12":"purchasable","13":"product-type-simple"},"_links":{"self":[{"href":"https:\/\/gracelandjuegos.com.ar\/web\/wp-json\/wp\/v2\/product\/9632","targetHints":{"allow":["GET"]}}],"collection":[{"href":"https:\/\/gracelandjuegos.com.ar\/web\/wp-json\/wp\/v2\/product"}],"about":[{"href":"https:\/\/gracelandjuegos.com.ar\/web\/wp-json\/wp\/v2\/types\/product"}],"replies":[{"embeddable":true,"href":"https:\/\/gracelandjuegos.com.ar\/web\/wp-json\/wp\/v2\/comments?post=9632"}],"wp:featuredmedia":[{"embeddable":true,"href":"https:\/\/gracelandjuegos.com.ar\/web\/wp-json\/wp\/v2\/media\/9551"}],"wp:attachment":[{"href":"https:\/\/gracelandjuegos.com.ar\/web\/wp-json\/wp\/v2\/media?parent=9632"}],"wp:term":[{"taxonomy":"product_brand","embeddable":true,"href":"https:\/\/gracelandjuegos.com.ar\/web\/wp-json\/wp\/v2\/product_brand?post=9632"},{"taxonomy":"product_cat","embeddable":true,"href":"https:\/\/gracelandjuegos.com.ar\/web\/wp-json\/wp\/v2\/product_cat?post=9632"},{"taxonomy":"product_tag","embeddable":true,"href":"https:\/\/gracelandjuegos.com.ar\/web\/wp-json\/wp\/v2\/product_tag?post=9632"}],"curies":[{"name":"wp","href":"https:\/\/api.w.org\/{rel}","templated":true}]}}