{"id":9453,"date":"2021-05-06T18:18:53","date_gmt":"2021-05-06T21:18:53","guid":{"rendered":"https:\/\/gracelandjuegos.com.ar\/web\/?post_type=product&#038;p=9453"},"modified":"2024-05-08T20:56:58","modified_gmt":"2024-05-08T23:56:58","slug":"draftosaurus","status":"publish","type":"product","link":"https:\/\/gracelandjuegos.com.ar\/web\/product\/draftosaurus\/","title":{"rendered":"Draftosaurus"},"content":{"rendered":"<p id=\"tw-target-text\" class=\"tw-data-text tw-text-large XcVN5d tw-ta\" dir=\"ltr\" data-placeholder=\"Traducci\u00f3n\"><span class=\"Y2IQFc\" lang=\"es\">Draftosaurus es un juego de drafting r\u00e1pido y ligero en el que no se usan cartas sino un mont\u00f3n de hermosos meeples de dinosaurios.<\/span><\/p>\n<p>Tu objetivo es que tu parque de dinosaurios sea el m\u00e1s atractivo para atraer visitantes. Para hacerlo, ten\u00e9s que draftear los meeples de dinosaurio y colocarlos estrat\u00e9gicamente en corrales, cumpliendo algunas restricciones de ubicaci\u00f3n, para que te den la mayor cantidad de puntos posible. Cada turno, uno de los jugadores lanza un dado y esto agrega una restricci\u00f3n extra a la colocaci\u00f3n de los meeples del resto de los jugadores.<\/p>\n<p>Al final de la partida, el jugador que haya obtenido la mayor cantidad de puntos colocando sus dinos, \u00a1es declarado ganador!<\/p>\n<p class=\"tw-data-text tw-text-large XcVN5d tw-ta\" dir=\"ltr\" data-placeholder=\"Traducci\u00f3n\">\n","protected":false},"excerpt":{"rendered":"<p>G\u00e9nero: Familiar.<br \/>\nCategor\u00edas: Dados, Drafting, Dinosaurios, Acciones Simult\u00e1neas, Colecciones.<br \/>\nDise\u00f1ado Por: <span class=\"ng-scope\">Antoine Bauza,\u00a0<\/span><span class=\"ng-scope\">Corentin Lebrat,\u00a0<\/span><span class=\"ng-scope\">Ludovic Maublanc,\u00a0<\/span><span class=\"ng-scope\">Th\u00e9o Rivi\u00e8re<\/span><br \/>\nEditorial: Neptuno Games<br \/>\nEdad M\u00ednima Recomendada: 8 A\u00f1os<br \/>\nDificultad: 1,24\/5<br \/>\nN\u00ba de Jugadores: 2 a 5<br \/>\nDuraci\u00f3n Promedio de la Partida: 15 Minutos<br \/>\nIdioma: Espa\u00f1ol<\/p>\n","protected":false},"featured_media":10591,"comment_status":"closed","ping_status":"closed","template":"","meta":[],"product_brand":[],"product_cat":[243,344,329],"product_tag":[],"class_list":{"0":"post-9453","1":"product","2":"type-product","3":"status-publish","4":"has-post-thumbnail","6":"product_cat-juegos-de-mesa","7":"product_cat-neptuno","8":"product_cat-recomendados","10":"first","11":"outofstock","12":"shipping-taxable","13":"purchasable","14":"product-type-simple"},"_links":{"self":[{"href":"https:\/\/gracelandjuegos.com.ar\/web\/wp-json\/wp\/v2\/product\/9453","targetHints":{"allow":["GET"]}}],"collection":[{"href":"https:\/\/gracelandjuegos.com.ar\/web\/wp-json\/wp\/v2\/product"}],"about":[{"href":"https:\/\/gracelandjuegos.com.ar\/web\/wp-json\/wp\/v2\/types\/product"}],"replies":[{"embeddable":true,"href":"https:\/\/gracelandjuegos.com.ar\/web\/wp-json\/wp\/v2\/comments?post=9453"}],"wp:featuredmedia":[{"embeddable":true,"href":"https:\/\/gracelandjuegos.com.ar\/web\/wp-json\/wp\/v2\/media\/10591"}],"wp:attachment":[{"href":"https:\/\/gracelandjuegos.com.ar\/web\/wp-json\/wp\/v2\/media?parent=9453"}],"wp:term":[{"taxonomy":"product_brand","embeddable":true,"href":"https:\/\/gracelandjuegos.com.ar\/web\/wp-json\/wp\/v2\/product_brand?post=9453"},{"taxonomy":"product_cat","embeddable":true,"href":"https:\/\/gracelandjuegos.com.ar\/web\/wp-json\/wp\/v2\/product_cat?post=9453"},{"taxonomy":"product_tag","embeddable":true,"href":"https:\/\/gracelandjuegos.com.ar\/web\/wp-json\/wp\/v2\/product_tag?post=9453"}],"curies":[{"name":"wp","href":"https:\/\/api.w.org\/{rel}","templated":true}]}}