{"id":9418,"date":"2021-05-06T16:36:15","date_gmt":"2021-05-06T19:36:15","guid":{"rendered":"https:\/\/gracelandjuegos.com.ar\/web\/?post_type=product&#038;p=9418"},"modified":"2025-02-27T14:55:15","modified_gmt":"2025-02-27T17:55:15","slug":"papua","status":"publish","type":"product","link":"https:\/\/gracelandjuegos.com.ar\/web\/product\/papua\/","title":{"rendered":"Pap\u00faa"},"content":{"rendered":"<div id=\"tw-container\" class=\"YQaNob\" data-cp=\"1\" data-is-ver=\"false\" data-nnttsvi=\"1\" data-sm=\"1\" data-sugg-time=\"500\" data-sugg-url=\"https:\/\/clients1.google.com\/complete\/search\" data-uilc=\"es-419\">\n<div id=\"tw-ob\" class=\"tw-src-ltr\">\n<div class=\"oSioSc\">\n<div id=\"tw-target\">\n<div id=\"kAz1tf\" class=\"g9WsWb\">\n<div id=\"tw-target-text-container\" class=\"tw-ta-container F0azHf tw-nfl\">\n<p id=\"tw-target-text\" class=\"tw-data-text tw-text-large XcVN5d tw-ta\" dir=\"ltr\" data-placeholder=\"Traducci\u00f3n\"><span class=\"Y2IQFc\" lang=\"es\">En Pap\u00faa, los jugadores lideran una expedici\u00f3n cient\u00edfica a Pap\u00faa Nueva Guinea, uno de los territorios m\u00e1s ricos en flora y fauna, a finales del siglo XIX. Sus descubrimientos asombrar\u00e1n a la comunidad cient\u00edfica, pero solo si llevan a cabo la expedici\u00f3n con \u00e9xito. Quien logre recopilar los descubrimientos m\u00e1s relevantes ser\u00e1 recordado a lo largo de la historia. <\/span><\/p>\n<p class=\"tw-data-text tw-text-large XcVN5d tw-ta\" dir=\"ltr\" data-placeholder=\"Traducci\u00f3n\"><span class=\"Y2IQFc\" lang=\"es\">Los jugadores deben administrar a sus cient\u00edficos y asignarles varias tareas, desde entablar buenas relaciones con los nativos para obtener su ayuda en la expedici\u00f3n, hasta asegurarse de que todos se alimenten al final del d\u00eda. Pero lo m\u00e1s importante es que trabajan para reunir la colecci\u00f3n m\u00e1s asombrosa de nuevos descubrimientos para asombrar al mundo en general. <\/span><\/p>\n<p class=\"tw-data-text tw-text-large XcVN5d tw-ta\" dir=\"ltr\" data-placeholder=\"Traducci\u00f3n\"><span class=\"Y2IQFc\" lang=\"es\">Los jugadores tiran los dados y asignan los resultados a las diferentes \u00e1reas del tablero (caba\u00f1as, log\u00edstica, expediciones, financiamiento, caza y pesca, y cuaderno de campo) d\u00e1ndole a sus cient\u00edficos a diferentes tareas: pueden reunir dinero para financiar sus expediciones, recolectar alimentos para el equipo, descubrir nuevas oportunidades de puntuaci\u00f3n o reclutar m\u00e1s cient\u00edficos. Pero el \u00e1rea m\u00e1s importante es la zona de expediciones, en la que los jugadores pueden pujar en secreto por el descubrimiento de nuevas especies de plantas, animales o incluso tribus nativas. <\/span><\/p>\n<p class=\"tw-data-text tw-text-large XcVN5d tw-ta\" dir=\"ltr\" data-placeholder=\"Traducci\u00f3n\"><span class=\"Y2IQFc\" lang=\"es\">La puntuaci\u00f3n al final del juego se basa en los conjuntos recolectados de la zona de descubrimiento, y el jugador con el mayor prestigio basado en estos conjuntos gana el juego.<\/span><\/p>\n<\/div>\n<\/div>\n<\/div>\n<\/div>\n<\/div>\n<\/div>\n","protected":false},"excerpt":{"rendered":"<p>G\u00e9nero: Estrategia.<br \/>\nCategor\u00edas: Exploraci\u00f3n, Dados, Subasta, Colocaci\u00f3n de Trabajadores, Colecciones.<br \/>\nDise\u00f1ado Por: <span class=\"ng-scope\">Javier Garcia,\u00a0<\/span><span class=\"ng-scope\">Diego Ib\u00e1\u00f1ez<\/span><br \/>\nEditorial: Devir<br \/>\nEdad M\u00ednima Recomendada: 10 A\u00f1os<br \/>\nDificultad: 2,83\/5<br \/>\nN\u00ba de Jugadores: 2 a 4<br \/>\nDuraci\u00f3n Promedio de la Partida: 75 Minutos<br \/>\nIdioma: Espa\u00f1ol<\/p>\n","protected":false},"featured_media":10620,"comment_status":"closed","ping_status":"closed","template":"","meta":[],"product_brand":[],"product_cat":[339,243],"product_tag":[],"class_list":{"0":"post-9418","1":"product","2":"type-product","3":"status-publish","4":"has-post-thumbnail","6":"product_cat-devir","7":"product_cat-juegos-de-mesa","9":"first","10":"outofstock","11":"shipping-taxable","12":"purchasable","13":"product-type-simple"},"_links":{"self":[{"href":"https:\/\/gracelandjuegos.com.ar\/web\/wp-json\/wp\/v2\/product\/9418","targetHints":{"allow":["GET"]}}],"collection":[{"href":"https:\/\/gracelandjuegos.com.ar\/web\/wp-json\/wp\/v2\/product"}],"about":[{"href":"https:\/\/gracelandjuegos.com.ar\/web\/wp-json\/wp\/v2\/types\/product"}],"replies":[{"embeddable":true,"href":"https:\/\/gracelandjuegos.com.ar\/web\/wp-json\/wp\/v2\/comments?post=9418"}],"wp:featuredmedia":[{"embeddable":true,"href":"https:\/\/gracelandjuegos.com.ar\/web\/wp-json\/wp\/v2\/media\/10620"}],"wp:attachment":[{"href":"https:\/\/gracelandjuegos.com.ar\/web\/wp-json\/wp\/v2\/media?parent=9418"}],"wp:term":[{"taxonomy":"product_brand","embeddable":true,"href":"https:\/\/gracelandjuegos.com.ar\/web\/wp-json\/wp\/v2\/product_brand?post=9418"},{"taxonomy":"product_cat","embeddable":true,"href":"https:\/\/gracelandjuegos.com.ar\/web\/wp-json\/wp\/v2\/product_cat?post=9418"},{"taxonomy":"product_tag","embeddable":true,"href":"https:\/\/gracelandjuegos.com.ar\/web\/wp-json\/wp\/v2\/product_tag?post=9418"}],"curies":[{"name":"wp","href":"https:\/\/api.w.org\/{rel}","templated":true}]}}