{"id":9405,"date":"2021-05-06T16:19:02","date_gmt":"2021-05-06T19:19:02","guid":{"rendered":"https:\/\/gracelandjuegos.com.ar\/web\/?post_type=product&#038;p=9405"},"modified":"2024-09-18T09:31:04","modified_gmt":"2024-09-18T12:31:04","slug":"virus-2","status":"publish","type":"product","link":"https:\/\/gracelandjuegos.com.ar\/web\/product\/virus-2\/","title":{"rendered":"Virus! 2"},"content":{"rendered":"<p>Virus! 2 Evolution\u00a0es una expansi\u00f3n para el juego de cartas Virus! que a\u00f1ade nuevo contenido al juego en base a nuevos virus y cartas de acci\u00f3n.<\/p>\n<p>Adem\u00e1s con esta expansi\u00f3n, nos encontraremos con nuevas variantes, como una para 2 jugadores y otra mediante la cual podremos eliminar a los virus de forma permanente, por lo que as\u00ed no daremos vueltas sin parar al mazo.<\/p>\n","protected":false},"excerpt":{"rendered":"<p>G\u00e9nero: Familiar, Party.<br \/>\nCategor\u00edas: Cartas, Colecciones, Manejo de Mano.<br \/>\nDise\u00f1ado Por: <span class=\"ng-scope\">Domingo Cabrero,\u00a0<\/span><span class=\"ng-scope\">Carlos L\u00f3pez,\u00a0<\/span><span class=\"ng-scope\">Santi Santisteban<\/span><br \/>\nEditorial: El Drag\u00f3n Az\u00fal<br \/>\nEdad M\u00ednima Recomendada: 8 A\u00f1os<br \/>\nDificultad: 1,02\/5<br \/>\nN\u00ba de Jugadores: 2 a 6<br \/>\nDuraci\u00f3n Promedio de la Partida: 20 Minutos<br \/>\nIdioma: Espa\u00f1ol<\/p>\n","protected":false},"featured_media":10604,"comment_status":"closed","ping_status":"closed","template":"","meta":[],"product_brand":[],"product_cat":[342,243],"product_tag":[],"class_list":{"0":"post-9405","1":"product","2":"type-product","3":"status-publish","4":"has-post-thumbnail","6":"product_cat-el-dragon-azul","7":"product_cat-juegos-de-mesa","9":"first","10":"instock","11":"shipping-taxable","12":"purchasable","13":"product-type-simple"},"_links":{"self":[{"href":"https:\/\/gracelandjuegos.com.ar\/web\/wp-json\/wp\/v2\/product\/9405","targetHints":{"allow":["GET"]}}],"collection":[{"href":"https:\/\/gracelandjuegos.com.ar\/web\/wp-json\/wp\/v2\/product"}],"about":[{"href":"https:\/\/gracelandjuegos.com.ar\/web\/wp-json\/wp\/v2\/types\/product"}],"replies":[{"embeddable":true,"href":"https:\/\/gracelandjuegos.com.ar\/web\/wp-json\/wp\/v2\/comments?post=9405"}],"wp:featuredmedia":[{"embeddable":true,"href":"https:\/\/gracelandjuegos.com.ar\/web\/wp-json\/wp\/v2\/media\/10604"}],"wp:attachment":[{"href":"https:\/\/gracelandjuegos.com.ar\/web\/wp-json\/wp\/v2\/media?parent=9405"}],"wp:term":[{"taxonomy":"product_brand","embeddable":true,"href":"https:\/\/gracelandjuegos.com.ar\/web\/wp-json\/wp\/v2\/product_brand?post=9405"},{"taxonomy":"product_cat","embeddable":true,"href":"https:\/\/gracelandjuegos.com.ar\/web\/wp-json\/wp\/v2\/product_cat?post=9405"},{"taxonomy":"product_tag","embeddable":true,"href":"https:\/\/gracelandjuegos.com.ar\/web\/wp-json\/wp\/v2\/product_tag?post=9405"}],"curies":[{"name":"wp","href":"https:\/\/api.w.org\/{rel}","templated":true}]}}