{"id":9333,"date":"2021-03-29T09:05:07","date_gmt":"2021-03-29T12:05:07","guid":{"rendered":"https:\/\/gracelandjuegos.com.ar\/web\/?post_type=product&#038;p=9333"},"modified":"2025-05-07T21:05:24","modified_gmt":"2025-05-08T00:05:24","slug":"toma-6","status":"publish","type":"product","link":"https:\/\/gracelandjuegos.com.ar\/web\/product\/toma-6\/","title":{"rendered":"\u00a1Toma 6!"},"content":{"rendered":"<p id=\"tw-target-text\" class=\"tw-data-text tw-text-large XcVN5d tw-ta\" dir=\"ltr\" data-placeholder=\"Traducci\u00f3n\"><span class=\"Y2IQFc\" lang=\"es\">En \u00a1Toma 6! los jugadores apuntan a obtener la menor cantidad de puntos posible. <\/span><\/p>\n<p class=\"tw-data-text tw-text-large XcVN5d tw-ta\" dir=\"ltr\" data-placeholder=\"Traducci\u00f3n\"><span class=\"Y2IQFc\" lang=\"es\">Para jugar, baraj\u00e1 las 104 cartas num\u00e9ricas, coloc\u00e1 cuatro cartas boca arriba para comenzar las cuatro filas y despu\u00e9s repart\u00ed diez cartas a cada jugador. En cada turno, los jugadores eligen y revelan simult\u00e1neamente una carta de su mano, luego agregan las cartas a las filas, y las cartas se colocan en orden ascendente seg\u00fan su n\u00famero; espec\u00edficamente, cada carta se coloca en la fila que termina con el n\u00famero m\u00e1s alto que est\u00e1 debajo del n\u00famero de la carta. Cuando la sexta carta se coloca en una fila, el propietario de esa carta reclama las otras cinco cartas y la sexta carta se convierte en la primera carta de una nueva fila. <\/span><\/p>\n<p class=\"tw-data-text tw-text-large XcVN5d tw-ta\" dir=\"ltr\" data-placeholder=\"Traducci\u00f3n\"><span class=\"Y2IQFc\" lang=\"es\">Adem\u00e1s de un n\u00famero del 1 al 104, cada carta tiene un valor en puntos. Despu\u00e9s de terminar diez rondas, los jugadores cuentan su puntaje y ven si el juego termina (cuando alguien supera los 66). Cuando esto sucede, \u00a1el jugador con la menor cantidad de puntos gana! <\/span><\/p>\n<p class=\"tw-data-text tw-text-large XcVN5d tw-ta\" dir=\"ltr\" data-placeholder=\"Traducci\u00f3n\">\n","protected":false},"excerpt":{"rendered":"<p>G\u00e9nero: Familiar.<br \/>\nCategor\u00edas: Cartas, N\u00fameros, Manejo de Mano, Acciones Simult\u00e1neas.<br \/>\nDise\u00f1ado Por: Wolfgang Kramer<br \/>\nEditorial: Bureau de Juegos<br \/>\nEdad M\u00ednima Recomendada: 8 A\u00f1os<br \/>\nDificultad: 1,21\/5<br \/>\nN\u00ba de Jugadores: 2 a 10<br \/>\nDuraci\u00f3n Promedio de la Partida: 45 Minutos<br \/>\nIdioma: Espa\u00f1ol<\/p>\n","protected":false},"featured_media":10649,"comment_status":"closed","ping_status":"closed","template":"","meta":[],"product_brand":[],"product_cat":[337,243],"product_tag":[],"class_list":{"0":"post-9333","1":"product","2":"type-product","3":"status-publish","4":"has-post-thumbnail","6":"product_cat-bureau-de-juegos","7":"product_cat-juegos-de-mesa","9":"first","10":"instock","11":"shipping-taxable","12":"purchasable","13":"product-type-simple"},"_links":{"self":[{"href":"https:\/\/gracelandjuegos.com.ar\/web\/wp-json\/wp\/v2\/product\/9333","targetHints":{"allow":["GET"]}}],"collection":[{"href":"https:\/\/gracelandjuegos.com.ar\/web\/wp-json\/wp\/v2\/product"}],"about":[{"href":"https:\/\/gracelandjuegos.com.ar\/web\/wp-json\/wp\/v2\/types\/product"}],"replies":[{"embeddable":true,"href":"https:\/\/gracelandjuegos.com.ar\/web\/wp-json\/wp\/v2\/comments?post=9333"}],"wp:featuredmedia":[{"embeddable":true,"href":"https:\/\/gracelandjuegos.com.ar\/web\/wp-json\/wp\/v2\/media\/10649"}],"wp:attachment":[{"href":"https:\/\/gracelandjuegos.com.ar\/web\/wp-json\/wp\/v2\/media?parent=9333"}],"wp:term":[{"taxonomy":"product_brand","embeddable":true,"href":"https:\/\/gracelandjuegos.com.ar\/web\/wp-json\/wp\/v2\/product_brand?post=9333"},{"taxonomy":"product_cat","embeddable":true,"href":"https:\/\/gracelandjuegos.com.ar\/web\/wp-json\/wp\/v2\/product_cat?post=9333"},{"taxonomy":"product_tag","embeddable":true,"href":"https:\/\/gracelandjuegos.com.ar\/web\/wp-json\/wp\/v2\/product_tag?post=9333"}],"curies":[{"name":"wp","href":"https:\/\/api.w.org\/{rel}","templated":true}]}}