{"id":9313,"date":"2021-03-29T08:26:57","date_gmt":"2021-03-29T11:26:57","guid":{"rendered":"https:\/\/gracelandjuegos.com.ar\/web\/?post_type=product&#038;p=9313"},"modified":"2024-09-16T10:49:44","modified_gmt":"2024-09-16T13:49:44","slug":"munchkin-3-errores-clericales","status":"publish","type":"product","link":"https:\/\/gracelandjuegos.com.ar\/web\/product\/munchkin-3-errores-clericales\/","title":{"rendered":"Munchkin 3 Errores Clericales (Expansi\u00f3n)"},"content":{"rendered":"<p dir=\"ltr\">\u00a1112 cartas nuevas para matar Monstruos y armar alto Bardo! Entre ellas:<\/p>\n<p dir=\"ltr\">\u2022 Nueva raza: \u00a1Gnomos!, con tantas habilidades que no entran en este cuadrito.<br \/>\n\u2022 Nueva clase: \u00a1Bardos!, que cautivan a tus oponentes para que te ayuden de onda<br \/>\n\u2022 Enemigos como Marylich Monroe, los Doppleg\u00e1ngsters o el cancelable Cerdo Machista<br \/>\n\u2022 \u00cdtems ins\u00f3litos como el incre\u00edble Amuleto de Protecci\u00f3n Infalible (que puede fallar)<br \/>\n\u2022 Terribles Maldiciones como la Trampa para Turistas y la Amnesia Temporal<\/p>\n<p dir=\"ltr\">\u00a1Demostr\u00e1 qui\u00e9n es el saqueador de dungeons m\u00e1s munchkinero de todos!<\/p>\n<p dir=\"ltr\">Este juego es una expansi\u00f3n del Munchkin.<\/p>\n","protected":false},"excerpt":{"rendered":"<p>G\u00e9nero: Party, Tem\u00e1tico.<br \/>\nCategor\u00edas: Cartas, Eliminac\u00f3n de Jugadores, Fantas\u00eda, Humor, Expansi\u00f3n.<br \/>\nDise\u00f1ado Por: Steve Jackson.<br \/>\nEditorial: Bureau de Juegos<br \/>\nEdad M\u00ednima Recomendada: 15 A\u00f1os<br \/>\nDificultad: 1.80\/5<br \/>\nN\u00ba de Jugadores: 3 a 6<br \/>\nDuraci\u00f3n Promedio de la Partida: 80 Minutos<br \/>\nIdioma: Espa\u00f1ol<\/p>\n","protected":false},"featured_media":10655,"comment_status":"closed","ping_status":"closed","template":"","meta":[],"product_brand":[],"product_cat":[337,243],"product_tag":[],"class_list":{"0":"post-9313","1":"product","2":"type-product","3":"status-publish","4":"has-post-thumbnail","6":"product_cat-bureau-de-juegos","7":"product_cat-juegos-de-mesa","9":"first","10":"instock","11":"shipping-taxable","12":"purchasable","13":"product-type-simple"},"_links":{"self":[{"href":"https:\/\/gracelandjuegos.com.ar\/web\/wp-json\/wp\/v2\/product\/9313","targetHints":{"allow":["GET"]}}],"collection":[{"href":"https:\/\/gracelandjuegos.com.ar\/web\/wp-json\/wp\/v2\/product"}],"about":[{"href":"https:\/\/gracelandjuegos.com.ar\/web\/wp-json\/wp\/v2\/types\/product"}],"replies":[{"embeddable":true,"href":"https:\/\/gracelandjuegos.com.ar\/web\/wp-json\/wp\/v2\/comments?post=9313"}],"wp:featuredmedia":[{"embeddable":true,"href":"https:\/\/gracelandjuegos.com.ar\/web\/wp-json\/wp\/v2\/media\/10655"}],"wp:attachment":[{"href":"https:\/\/gracelandjuegos.com.ar\/web\/wp-json\/wp\/v2\/media?parent=9313"}],"wp:term":[{"taxonomy":"product_brand","embeddable":true,"href":"https:\/\/gracelandjuegos.com.ar\/web\/wp-json\/wp\/v2\/product_brand?post=9313"},{"taxonomy":"product_cat","embeddable":true,"href":"https:\/\/gracelandjuegos.com.ar\/web\/wp-json\/wp\/v2\/product_cat?post=9313"},{"taxonomy":"product_tag","embeddable":true,"href":"https:\/\/gracelandjuegos.com.ar\/web\/wp-json\/wp\/v2\/product_tag?post=9313"}],"curies":[{"name":"wp","href":"https:\/\/api.w.org\/{rel}","templated":true}]}}