{"id":10946,"date":"2025-10-06T17:54:51","date_gmt":"2025-10-06T20:54:51","guid":{"rendered":"https:\/\/gracelandjuegos.com.ar\/web\/?post_type=product&#038;p=10946"},"modified":"2026-02-17T20:13:24","modified_gmt":"2026-02-17T23:13:24","slug":"jungo","status":"publish","type":"product","link":"https:\/\/gracelandjuegos.com.ar\/web\/product\/jungo\/","title":{"rendered":"Jungo"},"content":{"rendered":"<p data-start=\"0\" data-end=\"107\">Un grupo de monitos de colores se mezcl\u00f3 en tu mano y est\u00e1n tan c\u00f3modos que no quieren irse. Tu misi\u00f3n: combinarlos con inteligencia para ser el primero en quedarte sin cartas.<\/p>\n<p data-start=\"0\" data-end=\"107\">El objetivo del juego es simple pero desafiante: deshacerte de todas tus cartas antes que tus rivales, formando y lanzando combinaciones. La gran regalo de oro del Jungo es que no pod\u00e9s cambiar el orden de las cartas en tu mano.<\/p>\n<p data-start=\"0\" data-end=\"107\">Al comenzar, se reparten entre 8 y 10 cartas seg\u00fan la cantidad de jugadores. En cada turno pod\u00e9s jugar una o m\u00e1s cartas (siempre del mismo n\u00famero y que est\u00e9n juntas en tu mano) o robar una del mazo central. Para superar la combinaci\u00f3n que haya en la mesa, la tuya debe tener m\u00e1s cartas o un n\u00famero mayor. Si lo logr\u00e1s, pod\u00e9s descartar la jugada anterior o sumarla a tu mano (\u00a1en el lugar que quieras!). Tambi\u00e9n hay cartas especiales con doble valor, que pod\u00e9s usar como m\u00e1s te convenga seg\u00fan la jugada. Y si rob\u00e1s una carta del mazo, ten\u00e9s varias opciones: sumarla, descartarla o jugar una combinaci\u00f3n con la carta reci\u00e9n robada. El primero en quedarse sin cartas, \u00a1gana la partida!<\/p>\n","protected":false},"excerpt":{"rendered":"<p>G\u00e9nero: Familiar.<br \/>\nCategor\u00edas: Animales, Cartas, Manejo de Mano, Escalera.<br \/>\nDise\u00f1ado Por: <span class=\"ng-binding\">Toshiki Arao<\/span><br \/>\nEditorial: Devir<br \/>\nEdad M\u00ednima Recomendada: 10 A\u00f1os<br \/>\nDificultad: 1,22\/5<br \/>\nN\u00ba de Jugadores: 3 a 5<br \/>\nDuraci\u00f3n Promedio de la Partida: 15 Minutos<br \/>\nIdioma: Espa\u00f1ol<\/p>\n","protected":false},"featured_media":10940,"comment_status":"closed","ping_status":"closed","template":"","meta":[],"product_brand":[],"product_cat":[339,243,328],"product_tag":[],"class_list":{"0":"post-10946","1":"product","2":"type-product","3":"status-publish","4":"has-post-thumbnail","6":"product_cat-devir","7":"product_cat-juegos-de-mesa","8":"product_cat-novedades","10":"first","11":"instock","12":"shipping-taxable","13":"purchasable","14":"product-type-simple"},"_links":{"self":[{"href":"https:\/\/gracelandjuegos.com.ar\/web\/wp-json\/wp\/v2\/product\/10946","targetHints":{"allow":["GET"]}}],"collection":[{"href":"https:\/\/gracelandjuegos.com.ar\/web\/wp-json\/wp\/v2\/product"}],"about":[{"href":"https:\/\/gracelandjuegos.com.ar\/web\/wp-json\/wp\/v2\/types\/product"}],"replies":[{"embeddable":true,"href":"https:\/\/gracelandjuegos.com.ar\/web\/wp-json\/wp\/v2\/comments?post=10946"}],"wp:featuredmedia":[{"embeddable":true,"href":"https:\/\/gracelandjuegos.com.ar\/web\/wp-json\/wp\/v2\/media\/10940"}],"wp:attachment":[{"href":"https:\/\/gracelandjuegos.com.ar\/web\/wp-json\/wp\/v2\/media?parent=10946"}],"wp:term":[{"taxonomy":"product_brand","embeddable":true,"href":"https:\/\/gracelandjuegos.com.ar\/web\/wp-json\/wp\/v2\/product_brand?post=10946"},{"taxonomy":"product_cat","embeddable":true,"href":"https:\/\/gracelandjuegos.com.ar\/web\/wp-json\/wp\/v2\/product_cat?post=10946"},{"taxonomy":"product_tag","embeddable":true,"href":"https:\/\/gracelandjuegos.com.ar\/web\/wp-json\/wp\/v2\/product_tag?post=10946"}],"curies":[{"name":"wp","href":"https:\/\/api.w.org\/{rel}","templated":true}]}}