{"id":10863,"date":"2025-05-16T17:24:16","date_gmt":"2025-05-16T20:24:16","guid":{"rendered":"https:\/\/gracelandjuegos.com.ar\/web\/?post_type=product&#038;p=10863"},"modified":"2025-09-10T15:30:14","modified_gmt":"2025-09-10T18:30:14","slug":"bibliotecarios-gritones-grab-game","status":"publish","type":"product","link":"https:\/\/gracelandjuegos.com.ar\/web\/product\/bibliotecarios-gritones-grab-game\/","title":{"rendered":"Bibliotecarios Gritones Grab &amp; Game"},"content":{"rendered":"<p>El juego de palabras que todo el mundo pide a gritos, \u00a1Ahora en formato de bolsillo!<\/p>\n<p>\u00a1Pens\u00e1 r\u00e1pido, no mucho!<\/p>\n<p id=\"tw-target-text\" class=\"tw-data-text tw-text-large tw-ta\" dir=\"ltr\" data-placeholder=\"Traducci\u00f3n\" data-ved=\"2ahUKEwiOxo3m56iNAxXzq5UCHYoEFLEQ3ewLegQICRAW\" aria-label=\"Texto traducido: Piensa r\u00e1pido, sin esfuerzo, en este despiadado juego de mesa de gritos de palabras. Empieza sacando una carta de categor\u00eda. Tu equipo gritar\u00e1 las palabras de esa categor\u00eda que empiecen por la letra que aparece en la pista. Avanza por la pista cada vez que aciertes una palabra y compite contra tus oponentes para ganar. Este es un juego sencillo para m\u00faltiples ocasiones. Ju\u00e9galo para dos en una noche informal o ll\u00e9valo a una fiesta para grupos grandes.\"><span class=\"Y2IQFc\" lang=\"es\">Empez\u00e1 robando una carta de categor\u00eda y otra de letras. Tu equipo gritar\u00e1 las palabras de esa categor\u00eda que empiecen con las letras que aparecen en la carta de letras. A medida que acierten, ir\u00e1n robando nuevas cartas de letra. Cuando termine un minuto le toca al equipo contrario.<\/p>\n<p>El primero en ganar tres rondas, gana la partida!<\/span><\/p>\n","protected":false},"excerpt":{"rendered":"<div class=\"woocommerce-product-details__short-description\">\n<p>G\u00e9nero: Party, Familiar.<br \/>\nCategor\u00edas: Cartas, Palabras, Carrera, Tiempo Real.<br \/>\nDise\u00f1ado Por: <span class=\"ng-scope\"><span class=\"ng-binding\">Ian Clayman<\/span>,\u00a0<\/span><span class=\"ng-scope\"><span class=\"ng-binding\">Ken Gruhl<\/span>,\u00a0<\/span><span class=\"ng-scope\"><span class=\"ng-binding\">Quentin Weir<\/span><\/span><br \/>\nEditorial: Top Toys<br \/>\nEdad M\u00ednima Recomendada: 8 A\u00f1os<br \/>\nDificultad: 1,13\/5<br \/>\nN\u00ba de Jugadores: 2 o m\u00e1s.<br \/>\nDuraci\u00f3n Promedio de la Partida: 15 Minutos<br \/>\nIdioma: Espa\u00f1ol<\/p>\n<\/div>\n<div id=\"tooltipComponent\" class=\"mp-credits-tooltip-container\"><\/div>\n","protected":false},"featured_media":10861,"comment_status":"closed","ping_status":"closed","template":"","meta":[],"product_brand":[],"product_cat":[243,328,351],"product_tag":[],"class_list":{"0":"post-10863","1":"product","2":"type-product","3":"status-publish","4":"has-post-thumbnail","6":"product_cat-juegos-de-mesa","7":"product_cat-novedades","8":"product_cat-top-toys","10":"first","11":"instock","12":"shipping-taxable","13":"purchasable","14":"product-type-simple"},"_links":{"self":[{"href":"https:\/\/gracelandjuegos.com.ar\/web\/wp-json\/wp\/v2\/product\/10863","targetHints":{"allow":["GET"]}}],"collection":[{"href":"https:\/\/gracelandjuegos.com.ar\/web\/wp-json\/wp\/v2\/product"}],"about":[{"href":"https:\/\/gracelandjuegos.com.ar\/web\/wp-json\/wp\/v2\/types\/product"}],"replies":[{"embeddable":true,"href":"https:\/\/gracelandjuegos.com.ar\/web\/wp-json\/wp\/v2\/comments?post=10863"}],"wp:featuredmedia":[{"embeddable":true,"href":"https:\/\/gracelandjuegos.com.ar\/web\/wp-json\/wp\/v2\/media\/10861"}],"wp:attachment":[{"href":"https:\/\/gracelandjuegos.com.ar\/web\/wp-json\/wp\/v2\/media?parent=10863"}],"wp:term":[{"taxonomy":"product_brand","embeddable":true,"href":"https:\/\/gracelandjuegos.com.ar\/web\/wp-json\/wp\/v2\/product_brand?post=10863"},{"taxonomy":"product_cat","embeddable":true,"href":"https:\/\/gracelandjuegos.com.ar\/web\/wp-json\/wp\/v2\/product_cat?post=10863"},{"taxonomy":"product_tag","embeddable":true,"href":"https:\/\/gracelandjuegos.com.ar\/web\/wp-json\/wp\/v2\/product_tag?post=10863"}],"curies":[{"name":"wp","href":"https:\/\/api.w.org\/{rel}","templated":true}]}}