{"id":10832,"date":"2025-03-28T13:51:07","date_gmt":"2025-03-28T16:51:07","guid":{"rendered":"https:\/\/gracelandjuegos.com.ar\/web\/?post_type=product&#038;p=10832"},"modified":"2025-09-10T15:42:47","modified_gmt":"2025-09-10T18:42:47","slug":"7-wonders-duel","status":"publish","type":"product","link":"https:\/\/gracelandjuegos.com.ar\/web\/product\/7-wonders-duel\/","title":{"rendered":"7 Wonders Duel"},"content":{"rendered":"<p>En 7 Wonders Duel cada jugador es el l\u00edder de una civilizaci\u00f3n que construir\u00e1 Estructuras y erigir\u00e1 Maravillas. Las Estructuras y las Maravillas construidas por cada jugador componen su \u00abciudad\u00bb.<\/p>\n<p>Existen 3 formas de ganar en 7 Wonders Duel: supremac\u00eda militar, supremac\u00eda cient\u00edfica y victoria civil. Tanto la supremac\u00eda militar como la supremac\u00eda cient\u00edfica pueden darse en cualquier momento, y hacen que la partida termine inmediatamente. Si al final de la tercera Era nadie ha conseguido ganar, los jugadores sumar\u00e1n sus puntos de victoria y aquel que tenga m\u00e1s ser\u00e1 el ganador.<\/p>\n<p>Desarroll\u00e1 la ciencia, mejor\u00e1 tu ej\u00e9rcito, constru\u00ed prestigiosos edificios y \u00a1Llev\u00e1 tu civilizaci\u00f3n hacia la victoria!<\/p>\n<p>7 Wonders Duel es un juego completo en el universo de 7 Wonders, dise\u00f1ado espec\u00edficamente para 2 jugadores.<\/p>\n<p>&nbsp;<\/p>\n","protected":false},"excerpt":{"rendered":"<p>G\u00e9nero: Estrategia.<br \/>\nCategor\u00edas: Antig\u00fcedad, Cartas, Civilizaciones, Econom\u00eda, Mercado, Tablero Modular, Drafting, Colecciones.<br \/>\nDise\u00f1ado Por: <span class=\"ng-scope\"><span class=\"ng-binding\">Antoine Bauza<\/span>,\u00a0<\/span><span class=\"ng-scope\"><span class=\"ng-binding\">Bruno Cathala<\/span><\/span><br \/>\nEditorial: Top Toys<br \/>\nEdad M\u00ednima Recomendada: 10 A\u00f1os<br \/>\nDificultad: 2.22\/5<br \/>\nN\u00ba de Jugadores: 2<br \/>\nDuraci\u00f3n Promedio de la Partida: 30 Minutos<br \/>\nIdioma: Espa\u00f1ol<\/p>\n","protected":false},"featured_media":10819,"comment_status":"closed","ping_status":"closed","template":"","meta":[],"product_brand":[],"product_cat":[243,329,351],"product_tag":[],"class_list":{"0":"post-10832","1":"product","2":"type-product","3":"status-publish","4":"has-post-thumbnail","6":"product_cat-juegos-de-mesa","7":"product_cat-recomendados","8":"product_cat-top-toys","10":"first","11":"instock","12":"shipping-taxable","13":"purchasable","14":"product-type-simple"},"_links":{"self":[{"href":"https:\/\/gracelandjuegos.com.ar\/web\/wp-json\/wp\/v2\/product\/10832","targetHints":{"allow":["GET"]}}],"collection":[{"href":"https:\/\/gracelandjuegos.com.ar\/web\/wp-json\/wp\/v2\/product"}],"about":[{"href":"https:\/\/gracelandjuegos.com.ar\/web\/wp-json\/wp\/v2\/types\/product"}],"replies":[{"embeddable":true,"href":"https:\/\/gracelandjuegos.com.ar\/web\/wp-json\/wp\/v2\/comments?post=10832"}],"wp:featuredmedia":[{"embeddable":true,"href":"https:\/\/gracelandjuegos.com.ar\/web\/wp-json\/wp\/v2\/media\/10819"}],"wp:attachment":[{"href":"https:\/\/gracelandjuegos.com.ar\/web\/wp-json\/wp\/v2\/media?parent=10832"}],"wp:term":[{"taxonomy":"product_brand","embeddable":true,"href":"https:\/\/gracelandjuegos.com.ar\/web\/wp-json\/wp\/v2\/product_brand?post=10832"},{"taxonomy":"product_cat","embeddable":true,"href":"https:\/\/gracelandjuegos.com.ar\/web\/wp-json\/wp\/v2\/product_cat?post=10832"},{"taxonomy":"product_tag","embeddable":true,"href":"https:\/\/gracelandjuegos.com.ar\/web\/wp-json\/wp\/v2\/product_tag?post=10832"}],"curies":[{"name":"wp","href":"https:\/\/api.w.org\/{rel}","templated":true}]}}