{"id":10807,"date":"2025-01-30T16:37:15","date_gmt":"2025-01-30T19:37:15","guid":{"rendered":"https:\/\/gracelandjuegos.com.ar\/web\/?post_type=product&#038;p=10807"},"modified":"2026-02-17T20:30:30","modified_gmt":"2026-02-17T23:30:30","slug":"botanicus","status":"publish","type":"product","link":"https:\/\/gracelandjuegos.com.ar\/web\/product\/botanicus\/","title":{"rendered":"Botanicus"},"content":{"rendered":"<p>En Botanicus, tu misi\u00f3n es crear tu propio jard\u00edn bot\u00e1nico. Contrat\u00e1 a un jardinero y luego busc\u00e1 las plantas m\u00e1s bonitas del mundo. \u00a1Pero no las plantes en cualquier lugar! Tus visitantes son muy exigentes y tienen clar\u00edsimo qu\u00e9 es lo que les gustar\u00eda ver.<\/p>\n<p>El objetivo del juego es conseguir m\u00e1s puntos de victoria que el resto, ya sea completando tareas, avanzando por los marcadores o cultivando un hermoso jard\u00edn bot\u00e1nico.<\/p>\n<p>En su turno, los jugadores desplazar\u00e1n a su jardinero a trav\u00e9s del jard\u00edn del tablero personal, que contiene parterres distribuidos en filas y columnas. En los 4 espacios que tenga a su alcance, el jardinero plantar\u00e1 distintos tipos de semillas o regar\u00e1 las plantas para hacerlas crecer. En cada turno, los jugadores decidir\u00e1n qu\u00e9 acciones desean hacer y tratar\u00e1n de cumplir con tareas concretas que les recompensar\u00e1n con puntos y\/o monedas.<\/p>\n<p>Al final de la partida, los jugadores ganan puntos por cada columna que est\u00e9 completamente llena de plantas.<\/p>\n","protected":false},"excerpt":{"rendered":"<p>G\u00e9nero: Familiar.<br \/>\nCategor\u00edas: Econom\u00eda, Medio Ambiente, Territorio, Drafting, Grilla, Tablero Modular, Recursos.<br \/>\nDise\u00f1ado Por: <span class=\"ng-scope\"><span class=\"ng-binding\">Samuele Tabellini Ferrari<\/span>,\u00a0<\/span><span class=\"ng-scope\"><span class=\"ng-binding\">Vieri Masseini<\/span><\/span><br \/>\nEditorial: Devir<br \/>\nEdad M\u00ednima Recomendada: 6 A\u00f1os<br \/>\nDificultad: 2.29\/5<br \/>\nN\u00ba de Jugadores: 2 a 4<br \/>\nDuraci\u00f3n Promedio de la Partida: 30 Minutos<br \/>\nIdioma: Espa\u00f1ol<\/p>\n","protected":false},"featured_media":10791,"comment_status":"closed","ping_status":"closed","template":"","meta":[],"product_brand":[],"product_cat":[339,243,328],"product_tag":[],"class_list":{"0":"post-10807","1":"product","2":"type-product","3":"status-publish","4":"has-post-thumbnail","6":"product_cat-devir","7":"product_cat-juegos-de-mesa","8":"product_cat-novedades","10":"first","11":"instock","12":"shipping-taxable","13":"purchasable","14":"product-type-simple"},"_links":{"self":[{"href":"https:\/\/gracelandjuegos.com.ar\/web\/wp-json\/wp\/v2\/product\/10807","targetHints":{"allow":["GET"]}}],"collection":[{"href":"https:\/\/gracelandjuegos.com.ar\/web\/wp-json\/wp\/v2\/product"}],"about":[{"href":"https:\/\/gracelandjuegos.com.ar\/web\/wp-json\/wp\/v2\/types\/product"}],"replies":[{"embeddable":true,"href":"https:\/\/gracelandjuegos.com.ar\/web\/wp-json\/wp\/v2\/comments?post=10807"}],"wp:featuredmedia":[{"embeddable":true,"href":"https:\/\/gracelandjuegos.com.ar\/web\/wp-json\/wp\/v2\/media\/10791"}],"wp:attachment":[{"href":"https:\/\/gracelandjuegos.com.ar\/web\/wp-json\/wp\/v2\/media?parent=10807"}],"wp:term":[{"taxonomy":"product_brand","embeddable":true,"href":"https:\/\/gracelandjuegos.com.ar\/web\/wp-json\/wp\/v2\/product_brand?post=10807"},{"taxonomy":"product_cat","embeddable":true,"href":"https:\/\/gracelandjuegos.com.ar\/web\/wp-json\/wp\/v2\/product_cat?post=10807"},{"taxonomy":"product_tag","embeddable":true,"href":"https:\/\/gracelandjuegos.com.ar\/web\/wp-json\/wp\/v2\/product_tag?post=10807"}],"curies":[{"name":"wp","href":"https:\/\/api.w.org\/{rel}","templated":true}]}}