{"id":10804,"date":"2025-01-30T16:18:01","date_gmt":"2025-01-30T19:18:01","guid":{"rendered":"https:\/\/gracelandjuegos.com.ar\/web\/?post_type=product&#038;p=10804"},"modified":"2025-05-05T10:53:53","modified_gmt":"2025-05-05T13:53:53","slug":"manchas","status":"publish","type":"product","link":"https:\/\/gracelandjuegos.com.ar\/web\/product\/manchas\/","title":{"rendered":"Manchas"},"content":{"rendered":"<p>En Manchas los jugadores lanzan dados y tratan de colocarlos sobre sus cartas de perro. Si no pueden, porque los resultados no coinciden con su n\u00famero de manchas, deber\u00e1n enterrar los dados en el jard\u00edn, pero si entierran demasiados la pifiar\u00e1n y habr\u00e1 que volver a empezar.<\/p>\n<p>Con mec\u00e1nicas principales de lanzamiento de dados y toma de riesgos, el juego nos reta a puntuar seis cartas de perro, colocando dados con un resultado concreto sobre sus casillas de manchas.<\/p>\n<p>En su turno, los jugadores elegir\u00e1n uno de los trucos disponibles en el centro de la mesa, que indicar\u00e1 cuantos dados pueden lanzar y con cu\u00e1les de ellos quedarse, si pueden tomar o no nuevas cartas de perro y si reciben premios. Los dados deben colocarse sobre las casillas de las cartas de perro con el mismo resultado. Aquellos dados que no se puedan o no se quieran usar, se entierran en el jard\u00edn. \u00a1Pero cuidado! Si en alg\u00fan momento la suma del resultado de los dados supera las 7 manchas, la pifi\u00e1s y deb\u00e9s agarrar todos los dados de las cartas de perro.<\/p>\n<p>Por suerte, los jugadores tienen a su disposici\u00f3n premios deliciosos, que les permitir\u00e1n volver a lanzar los dados. En su turno, los jugadores tambi\u00e9n pueden puntuar a sus perros. Eso les permite asegurar las cartas, de modo que no ser\u00e1n objeto de futuras pifias.<\/p>\n<p>En el momento que alguien consiga puntuar seis perros, gana la partida.<\/p>\n","protected":false},"excerpt":{"rendered":"<p>G\u00e9nero: Familiar.<br \/>\nCategor\u00edas: Dados, Toma de Riesgos, Animales.<br \/>\nDise\u00f1ado Por: <span class=\"ng-scope\"><span class=\"ng-binding\">Alex <\/span><span class=\"ng-binding\">Hague<\/span>,\u00a0<\/span><span class=\"ng-scope\"><span class=\"ng-binding\">Jon Perry<\/span>,\u00a0<\/span><span class=\"ng-scope\"><span class=\"ng-binding\">Justin Vickers<\/span><\/span><br \/>\nEditorial: Devir<br \/>\nEdad M\u00ednima Recomendada: 10 A\u00f1os<br \/>\nDificultad: 1.31\/5<br \/>\nN\u00ba de Jugadores: 1 a 4<br \/>\nDuraci\u00f3n Promedio de la Partida: 30 Minutos<br \/>\nIdioma: Espa\u00f1ol<\/p>\n","protected":false},"featured_media":10795,"comment_status":"closed","ping_status":"closed","template":"","meta":[],"product_brand":[],"product_cat":[339,243,328,329],"product_tag":[],"class_list":{"0":"post-10804","1":"product","2":"type-product","3":"status-publish","4":"has-post-thumbnail","6":"product_cat-devir","7":"product_cat-juegos-de-mesa","8":"product_cat-novedades","9":"product_cat-recomendados","11":"first","12":"outofstock","13":"shipping-taxable","14":"purchasable","15":"product-type-simple"},"_links":{"self":[{"href":"https:\/\/gracelandjuegos.com.ar\/web\/wp-json\/wp\/v2\/product\/10804","targetHints":{"allow":["GET"]}}],"collection":[{"href":"https:\/\/gracelandjuegos.com.ar\/web\/wp-json\/wp\/v2\/product"}],"about":[{"href":"https:\/\/gracelandjuegos.com.ar\/web\/wp-json\/wp\/v2\/types\/product"}],"replies":[{"embeddable":true,"href":"https:\/\/gracelandjuegos.com.ar\/web\/wp-json\/wp\/v2\/comments?post=10804"}],"wp:featuredmedia":[{"embeddable":true,"href":"https:\/\/gracelandjuegos.com.ar\/web\/wp-json\/wp\/v2\/media\/10795"}],"wp:attachment":[{"href":"https:\/\/gracelandjuegos.com.ar\/web\/wp-json\/wp\/v2\/media?parent=10804"}],"wp:term":[{"taxonomy":"product_brand","embeddable":true,"href":"https:\/\/gracelandjuegos.com.ar\/web\/wp-json\/wp\/v2\/product_brand?post=10804"},{"taxonomy":"product_cat","embeddable":true,"href":"https:\/\/gracelandjuegos.com.ar\/web\/wp-json\/wp\/v2\/product_cat?post=10804"},{"taxonomy":"product_tag","embeddable":true,"href":"https:\/\/gracelandjuegos.com.ar\/web\/wp-json\/wp\/v2\/product_tag?post=10804"}],"curies":[{"name":"wp","href":"https:\/\/api.w.org\/{rel}","templated":true}]}}