{"id":10779,"date":"2024-06-19T16:41:57","date_gmt":"2024-06-19T19:41:57","guid":{"rendered":"https:\/\/gracelandjuegos.com.ar\/web\/?post_type=product&#038;p=10779"},"modified":"2025-09-10T14:56:39","modified_gmt":"2025-09-10T17:56:39","slug":"10779","status":"publish","type":"product","link":"https:\/\/gracelandjuegos.com.ar\/web\/product\/10779\/","title":{"rendered":"Luna Capital"},"content":{"rendered":"<p>\u00a1Bienvenidos a la luna! Estamos a finales de los a\u00f1os 70 del siglo XX, y la vida fuera de la tierra ya no es cosa de ciencia ficci\u00f3n. Ayud\u00e1 a tu empresa patrocinadora y dise\u00f1\u00e1 el mejor asentamiento para que tu ciudad selenita consiga la distinci\u00f3n de LUNA Capital.<\/p>\n<p>El sue\u00f1o de mantener la vida humana en la luna ya es una realidad. El proyecto de construir ciudades en el sat\u00e9lite terrestre est\u00e1 en marcha a toda velocidad. Las posibilidades son enormes y 1977 es el a\u00f1o en que todo esto va a convertirse en una realidad. Las empresas m\u00e1s emprendedoras se han lanzado a patrocinar equipos de cient\u00edficos, constructores, publicistas y profesionales liberales del ocio nocturno para que les construyan la mejor base de clientes de la galaxia. Adem\u00e1s, el reci\u00e9n formado Organismo Sancionador Lunar nombrar\u00e1 como capital del sat\u00e9lite al mejor de los proyectos que se presenten, \u00a1as\u00ed que la recompensa es doblemente jugosa!<\/p>\n<p>En LUNA Capital los jugadores tienen que ir mejorando los elementos que les propone el juego para construir el mejor asentamiento lunar posible y hacerlo digno de convertirse en la capital de toda la colonia. Tendr\u00e1n una serie de cartas de planos de construcci\u00f3n en un mercado com\u00fan, y cada una de ellas estar\u00e1 vinculada a un n\u00famero de losetas de proyecto. Los jugadores tomar\u00e1n en su turno una de las cartas y las losetas que la acompa\u00f1an, y las dispondr\u00e1n en su zona de juego personal. Las cartas deber\u00e1n colocarse en un m\u00e1ximo de tres filas, siempre respetando su valor num\u00e9rico ascendente. Una vez colocada la carta, se pondr\u00e1n las losetas en los espacios previstos en las mismas, intentando agrupar los proyectos del modo m\u00e1s eficiente posible.<\/p>\n<p>Las losetas muestran los proyectos disponibles, indispensables para construir una ciudad en condiciones. Podemos encontrar colectores de ox\u00edgeno, invernaderos, complejos residenciales y (muy importante) oficinas para vender los pisos con las mejores vistas de la galaxia. Cada una de estas categor\u00edas puntuar\u00e1 seg\u00fan queden dispuestos en el \u00e1rea personal de cada jugador. Quien consiga sacarle el mayor provecho ser\u00e1 nombrado alcalde de LUNA Capital.<\/p>\n","protected":false},"excerpt":{"rendered":"<p>G\u00e9nero: Familiar.<br \/>\nCategor\u00edas: Ciencia Ficci\u00f3n, Ciudades, Drafting, Colecciones, Colocaci\u00f3n de Losetas.<br \/>\nDise\u00f1ado Por: <span class=\"ng-binding\">Jose Ram\u00f3n Palacios<\/span><br \/>\nEditorial: Devir<br \/>\nEdad M\u00ednima Recomendada: 8 A\u00f1os<br \/>\nDificultad: 2.25\/5<br \/>\nN\u00ba de Jugadores: 1 a 4<br \/>\nDuraci\u00f3n Promedio de la Partida: 60 Minutos<br \/>\nIdioma: Espa\u00f1ol<\/p>\n","protected":false},"featured_media":10776,"comment_status":"closed","ping_status":"closed","template":"","meta":[],"product_brand":[],"product_cat":[339,243],"product_tag":[],"class_list":{"0":"post-10779","1":"product","2":"type-product","3":"status-publish","4":"has-post-thumbnail","6":"product_cat-devir","7":"product_cat-juegos-de-mesa","9":"first","10":"instock","11":"shipping-taxable","12":"purchasable","13":"product-type-simple"},"_links":{"self":[{"href":"https:\/\/gracelandjuegos.com.ar\/web\/wp-json\/wp\/v2\/product\/10779","targetHints":{"allow":["GET"]}}],"collection":[{"href":"https:\/\/gracelandjuegos.com.ar\/web\/wp-json\/wp\/v2\/product"}],"about":[{"href":"https:\/\/gracelandjuegos.com.ar\/web\/wp-json\/wp\/v2\/types\/product"}],"replies":[{"embeddable":true,"href":"https:\/\/gracelandjuegos.com.ar\/web\/wp-json\/wp\/v2\/comments?post=10779"}],"wp:featuredmedia":[{"embeddable":true,"href":"https:\/\/gracelandjuegos.com.ar\/web\/wp-json\/wp\/v2\/media\/10776"}],"wp:attachment":[{"href":"https:\/\/gracelandjuegos.com.ar\/web\/wp-json\/wp\/v2\/media?parent=10779"}],"wp:term":[{"taxonomy":"product_brand","embeddable":true,"href":"https:\/\/gracelandjuegos.com.ar\/web\/wp-json\/wp\/v2\/product_brand?post=10779"},{"taxonomy":"product_cat","embeddable":true,"href":"https:\/\/gracelandjuegos.com.ar\/web\/wp-json\/wp\/v2\/product_cat?post=10779"},{"taxonomy":"product_tag","embeddable":true,"href":"https:\/\/gracelandjuegos.com.ar\/web\/wp-json\/wp\/v2\/product_tag?post=10779"}],"curies":[{"name":"wp","href":"https:\/\/api.w.org\/{rel}","templated":true}]}}