{"id":10731,"date":"2023-08-05T12:35:39","date_gmt":"2023-08-05T15:35:39","guid":{"rendered":"https:\/\/gracelandjuegos.com.ar\/web\/?post_type=product&#038;p=10731"},"modified":"2025-09-10T15:53:07","modified_gmt":"2025-09-10T18:53:07","slug":"locos-por-las-donuts","status":"publish","type":"product","link":"https:\/\/gracelandjuegos.com.ar\/web\/product\/locos-por-las-donuts\/","title":{"rendered":"Locos Por Las Donuts"},"content":{"rendered":"<p>Junt\u00e1 Donuts y puntos, pero cuidado que no te quiten tus Donuts preferidas!!<\/p>\n<p>Es la hora de las Donuts! Una bandeja de deliciosas y tentadoras Donuts esperan tu oferta en este juego reci\u00e9n horneado.<br \/>\n\u00a1Prefer\u00eds una ba\u00f1ada en chocolate o una glaseada?<br \/>\nUna de doble chocolate seguro te da m\u00e1s puntos, \u00a1pero a la larga la crema pastelera puede valer m\u00e1s!<\/p>\n<p>Eleg\u00ed con cuidado: si dos o mas jugadores optan por la misma Donut, \u00a1Nadie la obtiene! \u00a1Termin\u00e1 con la puntuaci\u00f3n m\u00e1s alta y la victoria te sabr\u00e1 mas dulce!<\/p>\n","protected":false},"excerpt":{"rendered":"<p>G\u00e9nero: Familiar.<br \/>\nCategor\u00edas: Bluffing, Cartas, Deducci\u00f3n, Drafting, Colecciones.<br \/>\nDise\u00f1ado Por: Zachary Eagle<br \/>\nEditorial: Top Toys<br \/>\nEdad M\u00ednima Recomendada: 8 A\u00f1os<br \/>\nDificultad: 1.11\/5<br \/>\nN\u00ba de Jugadores: 2 a 6<br \/>\nDuraci\u00f3n Promedio de la Partida: 20 Minutos<br \/>\nIdioma: Espa\u00f1ol<\/p>\n","protected":false},"featured_media":10726,"comment_status":"closed","ping_status":"closed","template":"","meta":[],"product_brand":[],"product_cat":[243,351],"product_tag":[],"class_list":{"0":"post-10731","1":"product","2":"type-product","3":"status-publish","4":"has-post-thumbnail","6":"product_cat-juegos-de-mesa","7":"product_cat-top-toys","9":"first","10":"instock","11":"shipping-taxable","12":"purchasable","13":"product-type-simple"},"_links":{"self":[{"href":"https:\/\/gracelandjuegos.com.ar\/web\/wp-json\/wp\/v2\/product\/10731","targetHints":{"allow":["GET"]}}],"collection":[{"href":"https:\/\/gracelandjuegos.com.ar\/web\/wp-json\/wp\/v2\/product"}],"about":[{"href":"https:\/\/gracelandjuegos.com.ar\/web\/wp-json\/wp\/v2\/types\/product"}],"replies":[{"embeddable":true,"href":"https:\/\/gracelandjuegos.com.ar\/web\/wp-json\/wp\/v2\/comments?post=10731"}],"wp:featuredmedia":[{"embeddable":true,"href":"https:\/\/gracelandjuegos.com.ar\/web\/wp-json\/wp\/v2\/media\/10726"}],"wp:attachment":[{"href":"https:\/\/gracelandjuegos.com.ar\/web\/wp-json\/wp\/v2\/media?parent=10731"}],"wp:term":[{"taxonomy":"product_brand","embeddable":true,"href":"https:\/\/gracelandjuegos.com.ar\/web\/wp-json\/wp\/v2\/product_brand?post=10731"},{"taxonomy":"product_cat","embeddable":true,"href":"https:\/\/gracelandjuegos.com.ar\/web\/wp-json\/wp\/v2\/product_cat?post=10731"},{"taxonomy":"product_tag","embeddable":true,"href":"https:\/\/gracelandjuegos.com.ar\/web\/wp-json\/wp\/v2\/product_tag?post=10731"}],"curies":[{"name":"wp","href":"https:\/\/api.w.org\/{rel}","templated":true}]}}