{"id":10723,"date":"2023-07-29T12:41:00","date_gmt":"2023-07-29T15:41:00","guid":{"rendered":"https:\/\/gracelandjuegos.com.ar\/web\/?post_type=product&#038;p=10723"},"modified":"2026-02-17T20:34:11","modified_gmt":"2026-02-17T23:34:11","slug":"el-ansia","status":"publish","type":"product","link":"https:\/\/gracelandjuegos.com.ar\/web\/product\/el-ansia\/","title":{"rendered":"El Ansia"},"content":{"rendered":"<p>En plena oscuridad el ansia despierta en tu interior\u2026 \u00a1Es hora de salir a cazar!<\/p>\n<p>El ansia es un juego con mec\u00e1nicas de construcci\u00f3n de mazos y toma de riesgos que nos pone en la piel de temibles vampiros sedientos de sangre. Los jugadores deber\u00e1n conseguir el m\u00e1ximo n\u00famero de puntos de victoria cazando humanos, llevando a cabo misiones secretas, consiguiendo el favor de familiares o recolectando la rosa m\u00e1s bella del laberinto. Todo esto antes de que se haga de d\u00eda, ya que tras las primeras luces del alba los vampiros morir\u00e1n convirti\u00e9ndose en ceniza si no han regresado a su castillo.<\/p>\n","protected":false},"excerpt":{"rendered":"<p>G\u00e9nero: Familiar.<br \/>\nCategor\u00edas: cartas, Construcci\u00f3n de Mazo, Toma de Riesgos, Puntos de Movimiento.<br \/>\nDise\u00f1ado Por: Richard Garfield<br \/>\nEditorial: Devir<br \/>\nEdad M\u00ednima Recomendada: 12 A\u00f1os<br \/>\nDificultad: 2.27\/5<br \/>\nN\u00ba de Jugadores: 2 a 6<br \/>\nDuraci\u00f3n Promedio de la Partida: 60 Minutos<br \/>\nIdioma: Espa\u00f1ol<\/p>\n","protected":false},"featured_media":10715,"comment_status":"closed","ping_status":"closed","template":"","meta":[],"product_brand":[],"product_cat":[339,243,328],"product_tag":[],"class_list":{"0":"post-10723","1":"product","2":"type-product","3":"status-publish","4":"has-post-thumbnail","6":"product_cat-devir","7":"product_cat-juegos-de-mesa","8":"product_cat-novedades","10":"first","11":"instock","12":"shipping-taxable","13":"purchasable","14":"product-type-simple"},"_links":{"self":[{"href":"https:\/\/gracelandjuegos.com.ar\/web\/wp-json\/wp\/v2\/product\/10723","targetHints":{"allow":["GET"]}}],"collection":[{"href":"https:\/\/gracelandjuegos.com.ar\/web\/wp-json\/wp\/v2\/product"}],"about":[{"href":"https:\/\/gracelandjuegos.com.ar\/web\/wp-json\/wp\/v2\/types\/product"}],"replies":[{"embeddable":true,"href":"https:\/\/gracelandjuegos.com.ar\/web\/wp-json\/wp\/v2\/comments?post=10723"}],"wp:featuredmedia":[{"embeddable":true,"href":"https:\/\/gracelandjuegos.com.ar\/web\/wp-json\/wp\/v2\/media\/10715"}],"wp:attachment":[{"href":"https:\/\/gracelandjuegos.com.ar\/web\/wp-json\/wp\/v2\/media?parent=10723"}],"wp:term":[{"taxonomy":"product_brand","embeddable":true,"href":"https:\/\/gracelandjuegos.com.ar\/web\/wp-json\/wp\/v2\/product_brand?post=10723"},{"taxonomy":"product_cat","embeddable":true,"href":"https:\/\/gracelandjuegos.com.ar\/web\/wp-json\/wp\/v2\/product_cat?post=10723"},{"taxonomy":"product_tag","embeddable":true,"href":"https:\/\/gracelandjuegos.com.ar\/web\/wp-json\/wp\/v2\/product_tag?post=10723"}],"curies":[{"name":"wp","href":"https:\/\/api.w.org\/{rel}","templated":true}]}}