{"id":10721,"date":"2023-07-29T12:29:03","date_gmt":"2023-07-29T15:29:03","guid":{"rendered":"https:\/\/gracelandjuegos.com.ar\/web\/?post_type=product&#038;p=10721"},"modified":"2026-02-17T20:34:40","modified_gmt":"2026-02-17T23:34:40","slug":"pocimas-y-brebajes-las-brujas-herboristas-expansion","status":"publish","type":"product","link":"https:\/\/gracelandjuegos.com.ar\/web\/product\/pocimas-y-brebajes-las-brujas-herboristas-expansion\/","title":{"rendered":"P\u00f3cimas y Brebajes Las Brujas Herboristas (Expansi\u00f3n)"},"content":{"rendered":"<p>P\u00f3cimas y brebajes: Las brujas herboristas es la primera expansi\u00f3n de P\u00f3cimas y brebajes.<\/p>\n<p>Las brujas herboristas no solo te permite jugar con hasta 5 jugadores, sino que dotar\u00e1 a tus partidas de muchos elementos nuevos, como libros de conjuros o las propias brujas, que a\u00f1aden nuevas habilidades especiales. }<\/p>\n<p>Estas son algunas de las novedades que incluye Las brujas herboristas:<\/p>\n<ul>\n<li>Las brujas, que son nuevos personajes con habilidades especiales y que los jugadores pueden usar una vez por partida.<\/li>\n<li>Se incluye un nuevo ingrediente, la hierbaloca, cuyo valor est\u00e1 determinado por su habilidad en lugar de tener un valor fijo.<\/li>\n<li>Existen nuevos libros de ingredientes, aumentando la variedad disponible.<\/li>\n<li>Nuevos componentes, de color negro, para un quinto jugador.<\/li>\n<\/ul>\n","protected":false},"excerpt":{"rendered":"<p>G\u00e9nero: Familiar.<br \/>\nCategor\u00edas: Medieval, Toma De Riesgos, Construcci\u00f3n de Bolsa, Dados, Acciones Simult\u00e1neas, Expansi\u00f3n.<br \/>\nDise\u00f1ado Por: Wolfgang Warsch<br \/>\nEditorial: Devir<br \/>\nEdad M\u00ednima Recomendada: 10 A\u00f1os<br \/>\nDificultad: 1.99\/5<br \/>\nN\u00ba de Jugadores: 2 a 5<br \/>\nDuraci\u00f3n Promedio de la Partida: 45 Minutos<br \/>\nIdioma: Espa\u00f1ol<\/p>\n","protected":false},"featured_media":10713,"comment_status":"closed","ping_status":"closed","template":"","meta":[],"product_brand":[],"product_cat":[339,243],"product_tag":[],"class_list":{"0":"post-10721","1":"product","2":"type-product","3":"status-publish","4":"has-post-thumbnail","6":"product_cat-devir","7":"product_cat-juegos-de-mesa","9":"first","10":"outofstock","11":"shipping-taxable","12":"purchasable","13":"product-type-simple"},"_links":{"self":[{"href":"https:\/\/gracelandjuegos.com.ar\/web\/wp-json\/wp\/v2\/product\/10721","targetHints":{"allow":["GET"]}}],"collection":[{"href":"https:\/\/gracelandjuegos.com.ar\/web\/wp-json\/wp\/v2\/product"}],"about":[{"href":"https:\/\/gracelandjuegos.com.ar\/web\/wp-json\/wp\/v2\/types\/product"}],"replies":[{"embeddable":true,"href":"https:\/\/gracelandjuegos.com.ar\/web\/wp-json\/wp\/v2\/comments?post=10721"}],"wp:featuredmedia":[{"embeddable":true,"href":"https:\/\/gracelandjuegos.com.ar\/web\/wp-json\/wp\/v2\/media\/10713"}],"wp:attachment":[{"href":"https:\/\/gracelandjuegos.com.ar\/web\/wp-json\/wp\/v2\/media?parent=10721"}],"wp:term":[{"taxonomy":"product_brand","embeddable":true,"href":"https:\/\/gracelandjuegos.com.ar\/web\/wp-json\/wp\/v2\/product_brand?post=10721"},{"taxonomy":"product_cat","embeddable":true,"href":"https:\/\/gracelandjuegos.com.ar\/web\/wp-json\/wp\/v2\/product_cat?post=10721"},{"taxonomy":"product_tag","embeddable":true,"href":"https:\/\/gracelandjuegos.com.ar\/web\/wp-json\/wp\/v2\/product_tag?post=10721"}],"curies":[{"name":"wp","href":"https:\/\/api.w.org\/{rel}","templated":true}]}}