{"id":10673,"date":"2023-07-17T14:58:51","date_gmt":"2023-07-17T17:58:51","guid":{"rendered":"https:\/\/gracelandjuegos.com.ar\/web\/?post_type=product&#038;p=10673"},"modified":"2025-05-05T10:59:15","modified_gmt":"2025-05-05T13:59:15","slug":"love-letter","status":"publish","type":"product","link":"https:\/\/gracelandjuegos.com.ar\/web\/product\/love-letter\/","title":{"rendered":"Love Letter"},"content":{"rendered":"<p>Todos los j\u00f3venes elegibles (y muchos de los no tan j\u00f3venes) buscan cortejar a la princesa de Tempest. Desafortunadamente, se ha encerrado en el palacio y vas a tener que\u00a0 confiar en que otros le lleven tus cartas rom\u00e1nticas. \u00bfLlegar\u00e1 las tuyas a ella primero?<\/p>\n<p>Love Letter es un juego de riesgo, deducci\u00f3n y suerte para 2 a 4 jugadores. Tu objetivo es llevar tu carta de amor a las manos de la princesa Annette mientras desvi\u00e1s las cartas de los pretendientes rivales.<\/p>\n<p>De un mazo con solo diecis\u00e9is cartas, cada jugador comienza con una sola carta en la mano. Una carta se retira del juego para que siempre haya cierto grado de incertidumbre.<\/p>\n<p>En un turno, rob\u00e1s una carta y jug\u00e1s una carta, tratando de exponer otras y sacarlas del juego. Las cartas poderosas conducen a ganancias tempranas, pero te convierten en un objetivo. Pero si confi\u00e1s en las cartas m\u00e1s d\u00e9biles durante demasiado tiempo, \u00a1al final de la ronda tu carta de amor puede ser arrojada al fuego!<\/p>\n","protected":false},"excerpt":{"rendered":"<p>G\u00e9nero: Familiar.<br \/>\nCategor\u00edas: Cartas, Deducci\u00f3n, Manejo de Mano, Eliminaci\u00f3n de Jugadores.<br \/>\nDise\u00f1ado Por: Seiji Kanai<br \/>\nEditorial: Devir<br \/>\nEdad M\u00ednima Recomendada: 10 A\u00f1os<br \/>\nDificultad: 1.19\/5<br \/>\nN\u00ba de Jugadores: 2 a 6<br \/>\nDuraci\u00f3n Promedio de la Partida: 20 Minutos<br \/>\nIdioma: Espa\u00f1ol<\/p>\n","protected":false},"featured_media":10666,"comment_status":"closed","ping_status":"closed","template":"","meta":[],"product_brand":[],"product_cat":[339,243,329],"product_tag":[],"class_list":{"0":"post-10673","1":"product","2":"type-product","3":"status-publish","4":"has-post-thumbnail","6":"product_cat-devir","7":"product_cat-juegos-de-mesa","8":"product_cat-recomendados","10":"first","11":"outofstock","12":"shipping-taxable","13":"purchasable","14":"product-type-simple"},"_links":{"self":[{"href":"https:\/\/gracelandjuegos.com.ar\/web\/wp-json\/wp\/v2\/product\/10673","targetHints":{"allow":["GET"]}}],"collection":[{"href":"https:\/\/gracelandjuegos.com.ar\/web\/wp-json\/wp\/v2\/product"}],"about":[{"href":"https:\/\/gracelandjuegos.com.ar\/web\/wp-json\/wp\/v2\/types\/product"}],"replies":[{"embeddable":true,"href":"https:\/\/gracelandjuegos.com.ar\/web\/wp-json\/wp\/v2\/comments?post=10673"}],"wp:featuredmedia":[{"embeddable":true,"href":"https:\/\/gracelandjuegos.com.ar\/web\/wp-json\/wp\/v2\/media\/10666"}],"wp:attachment":[{"href":"https:\/\/gracelandjuegos.com.ar\/web\/wp-json\/wp\/v2\/media?parent=10673"}],"wp:term":[{"taxonomy":"product_brand","embeddable":true,"href":"https:\/\/gracelandjuegos.com.ar\/web\/wp-json\/wp\/v2\/product_brand?post=10673"},{"taxonomy":"product_cat","embeddable":true,"href":"https:\/\/gracelandjuegos.com.ar\/web\/wp-json\/wp\/v2\/product_cat?post=10673"},{"taxonomy":"product_tag","embeddable":true,"href":"https:\/\/gracelandjuegos.com.ar\/web\/wp-json\/wp\/v2\/product_tag?post=10673"}],"curies":[{"name":"wp","href":"https:\/\/api.w.org\/{rel}","templated":true}]}}