{"id":10582,"date":"2022-07-28T11:48:16","date_gmt":"2022-07-28T14:48:16","guid":{"rendered":"https:\/\/gracelandjuegos.com.ar\/web\/?post_type=product&#038;p=10582"},"modified":"2025-05-07T21:12:06","modified_gmt":"2025-05-08T00:12:06","slug":"say-my-name-3-expansion","status":"publish","type":"product","link":"https:\/\/gracelandjuegos.com.ar\/web\/product\/say-my-name-3-expansion\/","title":{"rendered":"Say My Name 3 (Expansi\u00f3n)"},"content":{"rendered":"<p class=\"tw-data-text tw-text-large XcVN5d tw-ta\" dir=\"ltr\" data-placeholder=\"Traducci\u00f3n\"><span class=\"Y2IQFc\" lang=\"es\">Esta expansi\u00f3n de Say My Name incluye 50 cartas nuevas para que ampl\u00edes tu experiencia de juego (Requiere el juego Base)<\/span><\/p>\n<p>En Say My Name ten\u00e9s que darle pistas a tus compa\u00f1eros de equipo para que adivinen el contenido de la tarjeta lo m\u00e1s r\u00e1pido posible.<\/p>\n<p class=\"tw-data-text tw-text-large XcVN5d tw-ta\" dir=\"ltr\" data-placeholder=\"Traducci\u00f3n\"><span class=\"Y2IQFc\" lang=\"es\">Antes de empezar eleg\u00ed la categor\u00eda que m\u00e1s te guste: T\u00edtulos, Personajes o Vale Todo.<\/span><\/p>\n<p class=\"tw-data-text tw-text-large XcVN5d tw-ta\" dir=\"ltr\" data-placeholder=\"Traducci\u00f3n\"><span class=\"Y2IQFc\" lang=\"es\">La partida se divide en 4 rondas.<\/span><\/p>\n<p class=\"tw-data-text tw-text-large XcVN5d tw-ta\" dir=\"ltr\" data-placeholder=\"Traducci\u00f3n\"><span class=\"Y2IQFc\" lang=\"es\">Ronda 1: pod\u00e9s hablar, actuar, hacer sonidos, se\u00f1alar, etc. Pero no pod\u00e9s mencionar el t\u00edtulo o personaje a adivinar, ni tampoco la Palabra Clave. Apurate, s\u00f3lo ten\u00e9s 30 segundos para lograr que tus compa\u00f1eros adivinen la mayor cantidad de tarjetas posibles.<\/span><\/p>\n<p class=\"tw-data-text tw-text-large XcVN5d tw-ta\" dir=\"ltr\" data-placeholder=\"Traducci\u00f3n\"><span class=\"Y2IQFc\" lang=\"es\">Ronda 2: es igual a la Ronda 1 pero solo pod\u00e9s decir una palabra y actuar.<\/span><\/p>\n<p class=\"tw-data-text tw-text-large XcVN5d tw-ta\" dir=\"ltr\" data-placeholder=\"Traducci\u00f3n\"><span class=\"Y2IQFc\" lang=\"es\">Ronda Rel\u00e1mpago: en esta ronda todos los equipos compiten a la vez por ver qui\u00e9n es el primero en adivinar la Palabra Clave.<\/span><\/p>\n<p class=\"tw-data-text tw-text-large XcVN5d tw-ta\" dir=\"ltr\" data-placeholder=\"Traducci\u00f3n\"><span class=\"Y2IQFc\" lang=\"es\">Ronda 3: en esta ronda solo pod\u00e9s actuar.<\/span><\/p>\n<p dir=\"ltr\" data-placeholder=\"Traducci\u00f3n\">Cada tarjeta adivinada vale un punto. Cuando termina el juego, gana el equipo con m\u00e1s puntos acumulados.<\/p>\n","protected":false},"excerpt":{"rendered":"<p>G\u00e9nero: Party.<br \/>\nCategor\u00edas: Cartas, Humor, Cultura Popular, Trivia, Expansi\u00f3n.<br \/>\nDise\u00f1ado Por:\u00a0<span class=\"ng-scope\">Michel Fischman,\u00a0<\/span><span class=\"ng-scope\">Emmanuel Rabell<\/span><br \/>\nEditorial: Bureau de Juegos<br \/>\nEdad M\u00ednima Recomendada: 15 A\u00f1os<br \/>\nDificultad: 1,00\/5<br \/>\nN\u00ba de Jugadores: 3 a 12<br \/>\nDuraci\u00f3n Promedio de la Partida: 45 Minutos<br \/>\nIdioma: Espa\u00f1ol<\/p>\n","protected":false},"featured_media":10581,"comment_status":"closed","ping_status":"closed","template":"","meta":[],"product_brand":[],"product_cat":[337,243,328],"product_tag":[],"class_list":{"0":"post-10582","1":"product","2":"type-product","3":"status-publish","4":"has-post-thumbnail","6":"product_cat-bureau-de-juegos","7":"product_cat-juegos-de-mesa","8":"product_cat-novedades","10":"first","11":"outofstock","12":"shipping-taxable","13":"purchasable","14":"product-type-simple"},"_links":{"self":[{"href":"https:\/\/gracelandjuegos.com.ar\/web\/wp-json\/wp\/v2\/product\/10582","targetHints":{"allow":["GET"]}}],"collection":[{"href":"https:\/\/gracelandjuegos.com.ar\/web\/wp-json\/wp\/v2\/product"}],"about":[{"href":"https:\/\/gracelandjuegos.com.ar\/web\/wp-json\/wp\/v2\/types\/product"}],"replies":[{"embeddable":true,"href":"https:\/\/gracelandjuegos.com.ar\/web\/wp-json\/wp\/v2\/comments?post=10582"}],"wp:featuredmedia":[{"embeddable":true,"href":"https:\/\/gracelandjuegos.com.ar\/web\/wp-json\/wp\/v2\/media\/10581"}],"wp:attachment":[{"href":"https:\/\/gracelandjuegos.com.ar\/web\/wp-json\/wp\/v2\/media?parent=10582"}],"wp:term":[{"taxonomy":"product_brand","embeddable":true,"href":"https:\/\/gracelandjuegos.com.ar\/web\/wp-json\/wp\/v2\/product_brand?post=10582"},{"taxonomy":"product_cat","embeddable":true,"href":"https:\/\/gracelandjuegos.com.ar\/web\/wp-json\/wp\/v2\/product_cat?post=10582"},{"taxonomy":"product_tag","embeddable":true,"href":"https:\/\/gracelandjuegos.com.ar\/web\/wp-json\/wp\/v2\/product_tag?post=10582"}],"curies":[{"name":"wp","href":"https:\/\/api.w.org\/{rel}","templated":true}]}}