{"id":10573,"date":"2022-07-28T11:09:31","date_gmt":"2022-07-28T14:09:31","guid":{"rendered":"https:\/\/gracelandjuegos.com.ar\/web\/?post_type=product&#038;p=10573"},"modified":"2025-05-07T21:14:16","modified_gmt":"2025-05-08T00:14:16","slug":"misty","status":"publish","type":"product","link":"https:\/\/gracelandjuegos.com.ar\/web\/product\/misty\/","title":{"rendered":"Misty"},"content":{"rendered":"<p>Mientras afuera llueve, dibuj\u00e1s con el dedo en una ventana empa\u00f1ada. De repente&#8230; tus creaciones cobran vida. \u00a1Este es el encantador universo de Misty! Un juego para toda la familia en el que intent\u00e1s tener la ventana m\u00e1s linda de todas.<\/p>\n<p>Vas a hacer los dibujos de tu ventana eligiendo cartas a trav\u00e9s de un draft: Agarr\u00e1s una de las cartas en tu mano y la jug\u00e1s en tu ventana (una grilla de 3&#215;4 o 4&#215;3). Despu\u00e9s pasale las cartas que te quedan al jugador de tu izquierda, mientras recib\u00eds las del jugador a tu derecha.<\/p>\n<p>Cuando completes tu ventana, algunas de las cartas se mueven (en la direcci\u00f3n que indica su dibujo) y tapan a otras. Por eso, a la hora de ubicarlas, ten\u00e9s que pensar bien en qu\u00e9 lugar hacerlo. Por ejemplo: Los monstruos se comen a las flores (que suman puntos) as\u00ed que lo mejor es tratar de taparlos con una carta que se mueva (como un monopat\u00edn o un globo).<\/p>\n<p>Cuando las cartas terminaron de moverse, se suman los puntos. El que tiene m\u00e1s, \u00a1gana!<\/p>\n","protected":false},"excerpt":{"rendered":"<p>G\u00e9nero: Familiar.<br \/>\nCategor\u00edas: Cartas, Drafting.<br \/>\nDise\u00f1ado Por: Florian Fay.<br \/>\nEditorial: Bureau de Juegos<br \/>\nEdad M\u00ednima Recomendada: 6 A\u00f1os<br \/>\nDificultad: 1.10\/5<br \/>\nN\u00ba de Jugadores: 2 a 5<br \/>\nDuraci\u00f3n Promedio de la Partida: 15 Minutos<br \/>\nIdioma: Espa\u00f1ol<\/p>\n","protected":false},"featured_media":10551,"comment_status":"closed","ping_status":"closed","template":"","meta":[],"product_brand":[],"product_cat":[337,243],"product_tag":[],"class_list":{"0":"post-10573","1":"product","2":"type-product","3":"status-publish","4":"has-post-thumbnail","6":"product_cat-bureau-de-juegos","7":"product_cat-juegos-de-mesa","9":"first","10":"outofstock","11":"shipping-taxable","12":"purchasable","13":"product-type-simple"},"_links":{"self":[{"href":"https:\/\/gracelandjuegos.com.ar\/web\/wp-json\/wp\/v2\/product\/10573","targetHints":{"allow":["GET"]}}],"collection":[{"href":"https:\/\/gracelandjuegos.com.ar\/web\/wp-json\/wp\/v2\/product"}],"about":[{"href":"https:\/\/gracelandjuegos.com.ar\/web\/wp-json\/wp\/v2\/types\/product"}],"replies":[{"embeddable":true,"href":"https:\/\/gracelandjuegos.com.ar\/web\/wp-json\/wp\/v2\/comments?post=10573"}],"wp:featuredmedia":[{"embeddable":true,"href":"https:\/\/gracelandjuegos.com.ar\/web\/wp-json\/wp\/v2\/media\/10551"}],"wp:attachment":[{"href":"https:\/\/gracelandjuegos.com.ar\/web\/wp-json\/wp\/v2\/media?parent=10573"}],"wp:term":[{"taxonomy":"product_brand","embeddable":true,"href":"https:\/\/gracelandjuegos.com.ar\/web\/wp-json\/wp\/v2\/product_brand?post=10573"},{"taxonomy":"product_cat","embeddable":true,"href":"https:\/\/gracelandjuegos.com.ar\/web\/wp-json\/wp\/v2\/product_cat?post=10573"},{"taxonomy":"product_tag","embeddable":true,"href":"https:\/\/gracelandjuegos.com.ar\/web\/wp-json\/wp\/v2\/product_tag?post=10573"}],"curies":[{"name":"wp","href":"https:\/\/api.w.org\/{rel}","templated":true}]}}