{"id":10076,"date":"2021-08-24T15:38:06","date_gmt":"2021-08-24T18:38:06","guid":{"rendered":"https:\/\/gracelandjuegos.com.ar\/web\/?post_type=product&#038;p=10076"},"modified":"2024-04-20T12:30:54","modified_gmt":"2024-04-20T15:30:54","slug":"a-clave-de-candombe","status":"publish","type":"product","link":"https:\/\/gracelandjuegos.com.ar\/web\/product\/a-clave-de-candombe\/","title":{"rendered":"A Clave de Candombe"},"content":{"rendered":"<p>La comunicaci\u00f3n, atenci\u00f3n y coordinaci\u00f3n se ponen en juego en\u00a0A Clave de Candombe.<\/p>\n<p>Inspirado en una base r\u00edtmica conocida, caracter\u00edstica de\u00a0Sudam\u00e9rica, el juego propone un\u00a0di\u00e1logo gestual\u00a0y sonoro sobre la constante clave del candombe. Contiene cartas con im\u00e1genes que proponen\u00a0onomatopeyas\u00a0y otras que sugieren consignas para dinamizar el juego. Sobre la base del candombe que realizan todos los jugadores con el cuerpo, cada uno de ellos, identificado por una carta que le asigna m\u00edmica y onomatopeya, debe llamar a otros jugadores sin perder el ritmo.<\/p>\n","protected":false},"excerpt":{"rendered":"<p>G\u00e9nero: Familiar, Party.<br \/>\nCategor\u00edas: Comunicaci\u00f3n Limitada, Destreza, Party.<br \/>\nDise\u00f1ado Por: Emanuel Sanchez<br \/>\nEditorial: Tiempo de Rondas (Distribuye Neptuno Games)<br \/>\nEdad M\u00ednima Recomendada: 8 A\u00f1os<br \/>\nDificultad: 1.27\/5<br \/>\nN\u00ba de Jugadores: 4 a 8<br \/>\nDuraci\u00f3n Promedio de la Partida: 30 Minutos<br \/>\nIdioma: Espa\u00f1ol<\/p>\n","protected":false},"featured_media":10071,"comment_status":"closed","ping_status":"closed","template":"","meta":[],"product_brand":[],"product_cat":[243,344],"product_tag":[],"class_list":{"0":"post-10076","1":"product","2":"type-product","3":"status-publish","4":"has-post-thumbnail","6":"product_cat-juegos-de-mesa","7":"product_cat-neptuno","9":"first","10":"instock","11":"shipping-taxable","12":"purchasable","13":"product-type-simple"},"_links":{"self":[{"href":"https:\/\/gracelandjuegos.com.ar\/web\/wp-json\/wp\/v2\/product\/10076","targetHints":{"allow":["GET"]}}],"collection":[{"href":"https:\/\/gracelandjuegos.com.ar\/web\/wp-json\/wp\/v2\/product"}],"about":[{"href":"https:\/\/gracelandjuegos.com.ar\/web\/wp-json\/wp\/v2\/types\/product"}],"replies":[{"embeddable":true,"href":"https:\/\/gracelandjuegos.com.ar\/web\/wp-json\/wp\/v2\/comments?post=10076"}],"wp:featuredmedia":[{"embeddable":true,"href":"https:\/\/gracelandjuegos.com.ar\/web\/wp-json\/wp\/v2\/media\/10071"}],"wp:attachment":[{"href":"https:\/\/gracelandjuegos.com.ar\/web\/wp-json\/wp\/v2\/media?parent=10076"}],"wp:term":[{"taxonomy":"product_brand","embeddable":true,"href":"https:\/\/gracelandjuegos.com.ar\/web\/wp-json\/wp\/v2\/product_brand?post=10076"},{"taxonomy":"product_cat","embeddable":true,"href":"https:\/\/gracelandjuegos.com.ar\/web\/wp-json\/wp\/v2\/product_cat?post=10076"},{"taxonomy":"product_tag","embeddable":true,"href":"https:\/\/gracelandjuegos.com.ar\/web\/wp-json\/wp\/v2\/product_tag?post=10076"}],"curies":[{"name":"wp","href":"https:\/\/api.w.org\/{rel}","templated":true}]}}