{"id":4210,"date":"2019-02-01T13:36:33","date_gmt":"2019-02-01T13:36:33","guid":{"rendered":"http:\/\/localhost\/wp\/cerato\/?page_id=4210"},"modified":"2024-04-11T18:47:20","modified_gmt":"2024-04-11T21:47:20","slug":"sobre-nosotros","status":"publish","type":"page","link":"https:\/\/gracelandjuegos.com.ar\/web\/sobre-nosotros\/","title":{"rendered":"Sobre nosotros"},"content":{"rendered":"\t\t<div data-elementor-type=\"wp-post\" data-elementor-id=\"4210\" class=\"elementor elementor-4210\">\n\t\t\t\t\t\t<div class=\"elementor-inner\">\n\t\t\t\t<div class=\"elementor-section-wrap\">\n\t\t\t\t\t\t\t\t\t<section class=\"elementor-section elementor-top-section elementor-element elementor-element-0585109 elementor-section-boxed elementor-section-height-default elementor-section-height-default\" data-id=\"0585109\" data-element_type=\"section\">\n\t\t\t\t\t\t<div class=\"elementor-container elementor-column-gap-default\">\n\t\t\t\t\t\t\t<div class=\"elementor-row\">\n\t\t\t\t\t<div class=\"elementor-column elementor-col-100 elementor-top-column elementor-element elementor-element-b0334fe\" data-id=\"b0334fe\" data-element_type=\"column\">\n\t\t\t<div class=\"elementor-column-wrap elementor-element-populated\">\n\t\t\t\t\t\t\t<div class=\"elementor-widget-wrap\">\n\t\t\t\t\t\t<div class=\"elementor-element elementor-element-337dcb0 elementor-widget elementor-widget-heading\" data-id=\"337dcb0\" data-element_type=\"widget\" data-widget_type=\"heading.default\">\n\t\t\t\t<div class=\"elementor-widget-container\">\n\t\t\t<h2 class=\"elementor-heading-title elementor-size-default\">Sobre nosotros<\/h2>\t\t<\/div>\n\t\t\t\t<\/div>\n\t\t\t\t\t\t<\/div>\n\t\t\t\t\t<\/div>\n\t\t<\/div>\n\t\t\t\t\t\t\t\t<\/div>\n\t\t\t\t\t<\/div>\n\t\t<\/section>\n\t\t\t\t<section class=\"elementor-section elementor-top-section elementor-element elementor-element-09ca006 elementor-section-boxed elementor-section-height-default elementor-section-height-default\" data-id=\"09ca006\" data-element_type=\"section\">\n\t\t\t\t\t\t<div class=\"elementor-container elementor-column-gap-default\">\n\t\t\t\t\t\t\t<div class=\"elementor-row\">\n\t\t\t\t\t<div class=\"elementor-column elementor-col-100 elementor-top-column elementor-element elementor-element-54a5a3a\" data-id=\"54a5a3a\" data-element_type=\"column\">\n\t\t\t<div class=\"elementor-column-wrap elementor-element-populated\">\n\t\t\t\t\t\t\t<div class=\"elementor-widget-wrap\">\n\t\t\t\t\t\t<div class=\"elementor-element elementor-element-d0ca446 elementor-widget elementor-widget-image\" data-id=\"d0ca446\" data-element_type=\"widget\" data-widget_type=\"image.default\">\n\t\t\t\t<div class=\"elementor-widget-container\">\n\t\t\t\t\t\t\t\t<div class=\"elementor-image\">\n\t\t\t\t\t\t\t\t\t\t\t\t<img loading=\"lazy\" decoding=\"async\" width=\"992\" height=\"992\" src=\"https:\/\/gracelandjuegos.com.ar\/web\/wp-content\/uploads\/2024\/04\/quienes-somos-lau-y-envis-1024x1024.webp\" class=\"attachment-large size-large wp-image-10741\" alt=\"\" srcset=\"https:\/\/gracelandjuegos.com.ar\/web\/wp-content\/uploads\/2024\/04\/quienes-somos-lau-y-envis-1024x1024.webp 1024w, https:\/\/gracelandjuegos.com.ar\/web\/wp-content\/uploads\/2024\/04\/quienes-somos-lau-y-envis-300x300.webp 300w, https:\/\/gracelandjuegos.com.ar\/web\/wp-content\/uploads\/2024\/04\/quienes-somos-lau-y-envis-120x120.webp 120w, https:\/\/gracelandjuegos.com.ar\/web\/wp-content\/uploads\/2024\/04\/quienes-somos-lau-y-envis-800x800.webp 800w, https:\/\/gracelandjuegos.com.ar\/web\/wp-content\/uploads\/2024\/04\/quienes-somos-lau-y-envis-150x150.webp 150w, https:\/\/gracelandjuegos.com.ar\/web\/wp-content\/uploads\/2024\/04\/quienes-somos-lau-y-envis-768x768.webp 768w, https:\/\/gracelandjuegos.com.ar\/web\/wp-content\/uploads\/2024\/04\/quienes-somos-lau-y-envis-450x450.webp 450w, https:\/\/gracelandjuegos.com.ar\/web\/wp-content\/uploads\/2024\/04\/quienes-somos-lau-y-envis.webp 1119w\" sizes=\"auto, (max-width: 992px) 100vw, 992px\" \/>\t\t\t\t\t\t\t\t\t\t\t\t\t\t<\/div>\n\t\t\t\t\t\t<\/div>\n\t\t\t\t<\/div>\n\t\t\t\t\t\t<\/div>\n\t\t\t\t\t<\/div>\n\t\t<\/div>\n\t\t\t\t\t\t\t\t<\/div>\n\t\t\t\t\t<\/div>\n\t\t<\/section>\n\t\t\t\t<section class=\"elementor-section elementor-top-section elementor-element elementor-element-2dc41a1 elementor-section-boxed elementor-section-height-default elementor-section-height-default\" data-id=\"2dc41a1\" data-element_type=\"section\">\n\t\t\t\t\t\t<div class=\"elementor-container elementor-column-gap-default\">\n\t\t\t\t\t\t\t<div class=\"elementor-row\">\n\t\t\t\t\t<div class=\"elementor-column elementor-col-16 elementor-top-column elementor-element elementor-element-b102a7e\" data-id=\"b102a7e\" data-element_type=\"column\">\n\t\t\t<div class=\"elementor-column-wrap elementor-element-populated\">\n\t\t\t\t\t\t\t<div class=\"elementor-widget-wrap\">\n\t\t\t\t\t\t\t\t<\/div>\n\t\t\t\t\t<\/div>\n\t\t<\/div>\n\t\t\t\t<div class=\"elementor-column elementor-col-66 elementor-top-column elementor-element elementor-element-a42cc07\" data-id=\"a42cc07\" data-element_type=\"column\">\n\t\t\t<div class=\"elementor-column-wrap elementor-element-populated\">\n\t\t\t\t\t\t\t<div class=\"elementor-widget-wrap\">\n\t\t\t\t\t\t<div class=\"elementor-element elementor-element-5d8d5f1 elementor-widget elementor-widget-clever-icon\" data-id=\"5d8d5f1\" data-element_type=\"widget\" data-widget_type=\"clever-icon.default\">\n\t\t\t\t<div class=\"elementor-widget-container\">\n\t\t\t<span class=\"cafe-icon\"><i class=\"cs-font clever-icon-plane-3\"><\/i><\/span>\t\t<\/div>\n\t\t\t\t<\/div>\n\t\t\t\t<div class=\"elementor-element elementor-element-e5768e3 elementor-widget elementor-widget-heading\" data-id=\"e5768e3\" data-element_type=\"widget\" data-widget_type=\"heading.default\">\n\t\t\t\t<div class=\"elementor-widget-container\">\n\t\t\t<h2 class=\"elementor-heading-title elementor-size-default\">Quienes somos<\/h2>\t\t<\/div>\n\t\t\t\t<\/div>\n\t\t\t\t<div class=\"elementor-element elementor-element-d7398c4 elementor-widget elementor-widget-text-editor\" data-id=\"d7398c4\" data-element_type=\"widget\" data-widget_type=\"text-editor.default\">\n\t\t\t\t<div class=\"elementor-widget-container\">\n\t\t\t\t\t\t\t\t<div class=\"elementor-text-editor elementor-clearfix\">\n\t\t\t\t<p>\u00a1Hola! Somos <strong>Elvis<\/strong> y <strong>Lau <\/strong>y queremos darte la bienvenida a este proyecto conjunto que es <strong>Graceland Juegos<\/strong>. \u00a1Muchas gracias por estar leyendo estas palabras!<\/p>\n<p>Graceland nace del deseo de poner en pr\u00e1ctica una experiencia combinada de m\u00e1s de 25 a\u00f1os trabajando en rubros afines a lo l\u00fadico, y de una gran pasi\u00f3n compartida por los juegos de mesa, de <strong>Rol<\/strong> y <strong>TCG<\/strong>.<\/p>\n<p>Este emprendimiento no es un fin, sino un camino, a lo largo del cual queremos seguir aprendiendo. Poco a poco Graceland ir\u00e1 creciendo, ofreciendo cada vez m\u00e1s y mejores juegos y accesorios para que siempre puedas encontrar ac\u00e1 lo que busc\u00e1s o, al menos, algo que te llame la atenci\u00f3n.<\/p>\n<p>Este es tambi\u00e9n un \u00e1mbito en el que podemos expresar c\u00f3mo creemos que puede y debe realizarse la atenci\u00f3n al p\u00fablico. Nuestro objetivo m\u00e1s ambicioso es que comprar en Graceland sea, para vos, una m\u00e1s de las sensaciones placenteras que hacen a la hermosa experiencia de conseguir un juego nuevo. Como sacarle el film, oler las cartas, destroquelar las piezas o acomodarlo en tu ludoteca.<\/p>\n<p><span style=\"color: #ff6600;\"><strong>Muchas gracias de nuevo por estar ac\u00e1. <span style=\"color: #000080;\">\u00a1Bienvenido a Graceland!<\/span><\/strong><\/span><\/p>\t\t\t\t\t<\/div>\n\t\t\t\t\t\t<\/div>\n\t\t\t\t<\/div>\n\t\t\t\t\t\t<\/div>\n\t\t\t\t\t<\/div>\n\t\t<\/div>\n\t\t\t\t<div class=\"elementor-column elementor-col-16 elementor-top-column elementor-element elementor-element-ab32e7e\" data-id=\"ab32e7e\" data-element_type=\"column\">\n\t\t\t<div class=\"elementor-column-wrap elementor-element-populated\">\n\t\t\t\t\t\t\t<div class=\"elementor-widget-wrap\">\n\t\t\t\t\t\t\t\t<\/div>\n\t\t\t\t\t<\/div>\n\t\t<\/div>\n\t\t\t\t\t\t\t\t<\/div>\n\t\t\t\t\t<\/div>\n\t\t<\/section>\n\t\t\t\t<section class=\"elementor-section elementor-top-section elementor-element elementor-element-7e62250 elementor-section-boxed elementor-section-height-default elementor-section-height-default\" data-id=\"7e62250\" data-element_type=\"section\">\n\t\t\t\t\t\t<div class=\"elementor-container elementor-column-gap-default\">\n\t\t\t\t\t\t\t<div class=\"elementor-row\">\n\t\t\t\t\t<div class=\"elementor-column elementor-col-100 elementor-top-column elementor-element elementor-element-e34e417\" data-id=\"e34e417\" data-element_type=\"column\">\n\t\t\t<div class=\"elementor-column-wrap elementor-element-populated\">\n\t\t\t\t\t\t\t<div class=\"elementor-widget-wrap\">\n\t\t\t\t\t\t<div class=\"elementor-element elementor-element-eea712e elementor-widget elementor-widget-heading\" data-id=\"eea712e\" data-element_type=\"widget\" data-widget_type=\"heading.default\">\n\t\t\t\t<div class=\"elementor-widget-container\">\n\t\t\t<h2 class=\"elementor-heading-title elementor-size-default\">Conozca a nuestro equipo<\/h2>\t\t<\/div>\n\t\t\t\t<\/div>\n\t\t\t\t<div class=\"elementor-element elementor-element-a273e2a elementor-widget elementor-widget-heading\" data-id=\"a273e2a\" data-element_type=\"widget\" data-widget_type=\"heading.default\">\n\t\t\t\t<div class=\"elementor-widget-container\">\n\t\t\t<p class=\"elementor-heading-title elementor-size-default\">Amamos lo que hacemos y lo hacemos con pasi\u00f3n. Valoramos la experimentaci\u00f3n,<br>\nla reforma del mensaje y los incentivos inteligentes.<\/p>\t\t<\/div>\n\t\t\t\t<\/div>\n\t\t\t\t\t\t<\/div>\n\t\t\t\t\t<\/div>\n\t\t<\/div>\n\t\t\t\t\t\t\t\t<\/div>\n\t\t\t\t\t<\/div>\n\t\t<\/section>\n\t\t\t\t<section class=\"elementor-section elementor-top-section elementor-element elementor-element-0794da3 elementor-section-boxed elementor-section-height-default elementor-section-height-default\" data-id=\"0794da3\" data-element_type=\"section\">\n\t\t\t\t\t\t<div class=\"elementor-container elementor-column-gap-default\">\n\t\t\t\t\t\t\t<div class=\"elementor-row\">\n\t\t\t\t\t<div class=\"elementor-column elementor-col-25 elementor-top-column elementor-element elementor-element-7960591\" data-id=\"7960591\" data-element_type=\"column\">\n\t\t\t<div class=\"elementor-column-wrap elementor-element-populated\">\n\t\t\t\t\t\t\t<div class=\"elementor-widget-wrap\">\n\t\t\t\t\t\t<div class=\"elementor-element elementor-element-14845ad elementor-widget elementor-widget-clever-team-member\" data-id=\"14845ad\" data-element_type=\"widget\" data-widget_type=\"clever-team-member.default\">\n\t\t\t\t<div class=\"elementor-widget-container\">\n\t\t\t<div class=\"cafe-team-member has-social has-member-bio style-4 grid-layout carousel middle-nav cafe-carousel cafe-wrap \" data-cafe-config='{\n        &quot;slides_to_show&quot; : 4,\n        &quot;slides_to_show_tablet&quot; : 3,\n        &quot;slides_to_show_mobile&quot; : 2,\n\n        &quot;speed&quot;: 5000,\n        &quot;scroll&quot;: 1,\n\n        &quot;autoplay&quot;: true,\n        &quot;autoplay_tablet&quot;: false,\n        &quot;autoplay_mobile&quot;: false,\n\n        &quot;show_pag&quot;: true,\n        &quot;show_pag_tablet&quot;: false,\n        &quot;show_pag_mobile&quot;: false,\n\n        &quot;show_nav&quot;: true,\n        &quot;show_nav_tablet&quot;: false,\n        &quot;show_nav_mobile&quot;: false,\n\n        &quot;wrap&quot;: &quot;.cafe-row&quot;\n    }'>\n   <div class=\"cafe-row\">\n            <\/div>\n<\/div>\t\t<\/div>\n\t\t\t\t<\/div>\n\t\t\t\t\t\t<\/div>\n\t\t\t\t\t<\/div>\n\t\t<\/div>\n\t\t\t\t<div class=\"elementor-column elementor-col-25 elementor-top-column elementor-element elementor-element-59851e6\" data-id=\"59851e6\" data-element_type=\"column\">\n\t\t\t<div class=\"elementor-column-wrap elementor-element-populated\">\n\t\t\t\t\t\t\t<div class=\"elementor-widget-wrap\">\n\t\t\t\t\t\t<div class=\"elementor-element elementor-element-0440069 elementor-widget elementor-widget-clever-team-member\" data-id=\"0440069\" data-element_type=\"widget\" data-widget_type=\"clever-team-member.default\">\n\t\t\t\t<div class=\"elementor-widget-container\">\n\t\t\t<div class=\"cafe-team-member has-social has-member-bio style-2 grid-layout carousel middle-nav cafe-carousel cafe-wrap \" data-cafe-config='{\n        &quot;slides_to_show&quot; : 4,\n        &quot;slides_to_show_tablet&quot; : 3,\n        &quot;slides_to_show_mobile&quot; : 2,\n\n        &quot;speed&quot;: 5000,\n        &quot;scroll&quot;: 1,\n\n        &quot;autoplay&quot;: true,\n        &quot;autoplay_tablet&quot;: false,\n        &quot;autoplay_mobile&quot;: false,\n\n        &quot;show_pag&quot;: true,\n        &quot;show_pag_tablet&quot;: false,\n        &quot;show_pag_mobile&quot;: false,\n\n        &quot;show_nav&quot;: true,\n        &quot;show_nav_tablet&quot;: false,\n        &quot;show_nav_mobile&quot;: false,\n\n        &quot;wrap&quot;: &quot;.cafe-row&quot;\n    }'>\n   <div class=\"cafe-row\">\n            <\/div>\n<\/div>\t\t<\/div>\n\t\t\t\t<\/div>\n\t\t\t\t\t\t<\/div>\n\t\t\t\t\t<\/div>\n\t\t<\/div>\n\t\t\t\t<div class=\"elementor-column elementor-col-25 elementor-top-column elementor-element elementor-element-f63b7f5\" data-id=\"f63b7f5\" data-element_type=\"column\">\n\t\t\t<div class=\"elementor-column-wrap elementor-element-populated\">\n\t\t\t\t\t\t\t<div class=\"elementor-widget-wrap\">\n\t\t\t\t\t\t<div class=\"elementor-element elementor-element-3083738 elementor-widget elementor-widget-clever-team-member\" data-id=\"3083738\" data-element_type=\"widget\" data-widget_type=\"clever-team-member.default\">\n\t\t\t\t<div class=\"elementor-widget-container\">\n\t\t\t<div class=\"cafe-team-member has-social has-member-bio style-2 grid-layout carousel middle-nav cafe-carousel cafe-wrap \" data-cafe-config='{\n        &quot;slides_to_show&quot; : 4,\n        &quot;slides_to_show_tablet&quot; : 3,\n        &quot;slides_to_show_mobile&quot; : 2,\n\n        &quot;speed&quot;: 5000,\n        &quot;scroll&quot;: 1,\n\n        &quot;autoplay&quot;: true,\n        &quot;autoplay_tablet&quot;: false,\n        &quot;autoplay_mobile&quot;: false,\n\n        &quot;show_pag&quot;: true,\n        &quot;show_pag_tablet&quot;: false,\n        &quot;show_pag_mobile&quot;: false,\n\n        &quot;show_nav&quot;: true,\n        &quot;show_nav_tablet&quot;: false,\n        &quot;show_nav_mobile&quot;: false,\n\n        &quot;wrap&quot;: &quot;.cafe-row&quot;\n    }'>\n   <div class=\"cafe-row\">\n            <\/div>\n<\/div>\t\t<\/div>\n\t\t\t\t<\/div>\n\t\t\t\t\t\t<\/div>\n\t\t\t\t\t<\/div>\n\t\t<\/div>\n\t\t\t\t<div class=\"elementor-column elementor-col-25 elementor-top-column elementor-element elementor-element-7bdc5b7\" data-id=\"7bdc5b7\" data-element_type=\"column\">\n\t\t\t<div class=\"elementor-column-wrap elementor-element-populated\">\n\t\t\t\t\t\t\t<div class=\"elementor-widget-wrap\">\n\t\t\t\t\t\t<div class=\"elementor-element elementor-element-4ed9520 elementor-widget elementor-widget-clever-team-member\" data-id=\"4ed9520\" data-element_type=\"widget\" data-widget_type=\"clever-team-member.default\">\n\t\t\t\t<div class=\"elementor-widget-container\">\n\t\t\t<div class=\"cafe-team-member has-social has-member-bio style-2 grid-layout carousel middle-nav cafe-carousel cafe-wrap \" data-cafe-config='{\n        &quot;slides_to_show&quot; : 4,\n        &quot;slides_to_show_tablet&quot; : 3,\n        &quot;slides_to_show_mobile&quot; : 2,\n\n        &quot;speed&quot;: 5000,\n        &quot;scroll&quot;: 1,\n\n        &quot;autoplay&quot;: true,\n        &quot;autoplay_tablet&quot;: false,\n        &quot;autoplay_mobile&quot;: false,\n\n        &quot;show_pag&quot;: true,\n        &quot;show_pag_tablet&quot;: false,\n        &quot;show_pag_mobile&quot;: false,\n\n        &quot;show_nav&quot;: true,\n        &quot;show_nav_tablet&quot;: false,\n        &quot;show_nav_mobile&quot;: false,\n\n        &quot;wrap&quot;: &quot;.cafe-row&quot;\n    }'>\n   <div class=\"cafe-row\">\n            <\/div>\n<\/div>\t\t<\/div>\n\t\t\t\t<\/div>\n\t\t\t\t\t\t<\/div>\n\t\t\t\t\t<\/div>\n\t\t<\/div>\n\t\t\t\t\t\t\t\t<\/div>\n\t\t\t\t\t<\/div>\n\t\t<\/section>\n\t\t\t\t\t\t\t\t\t<\/div>\n\t\t\t<\/div>\n\t\t\t\t\t<\/div>\n\t\t","protected":false},"excerpt":{"rendered":"<p>Sobre nosotros Quienes somos \u00a1Hola! Somos Elvis y Lau y queremos darte la bienvenida a este proyecto conjunto que es Graceland Juegos. \u00a1Muchas gracias por estar leyendo estas palabras! Graceland&#8230;<\/p>\n","protected":false},"author":1,"featured_media":0,"parent":0,"menu_order":0,"comment_status":"closed","ping_status":"closed","template":"","meta":{"footnotes":""},"class_list":["post-4210","page","type-page","status-publish","hentry"],"_links":{"self":[{"href":"https:\/\/gracelandjuegos.com.ar\/web\/wp-json\/wp\/v2\/pages\/4210","targetHints":{"allow":["GET"]}}],"collection":[{"href":"https:\/\/gracelandjuegos.com.ar\/web\/wp-json\/wp\/v2\/pages"}],"about":[{"href":"https:\/\/gracelandjuegos.com.ar\/web\/wp-json\/wp\/v2\/types\/page"}],"author":[{"embeddable":true,"href":"https:\/\/gracelandjuegos.com.ar\/web\/wp-json\/wp\/v2\/users\/1"}],"replies":[{"embeddable":true,"href":"https:\/\/gracelandjuegos.com.ar\/web\/wp-json\/wp\/v2\/comments?post=4210"}],"version-history":[{"count":3,"href":"https:\/\/gracelandjuegos.com.ar\/web\/wp-json\/wp\/v2\/pages\/4210\/revisions"}],"predecessor-version":[{"id":10744,"href":"https:\/\/gracelandjuegos.com.ar\/web\/wp-json\/wp\/v2\/pages\/4210\/revisions\/10744"}],"wp:attachment":[{"href":"https:\/\/gracelandjuegos.com.ar\/web\/wp-json\/wp\/v2\/media?parent=4210"}],"curies":[{"name":"wp","href":"https:\/\/api.w.org\/{rel}","templated":true}]}}